Last updated on 2024-05-04 01:48:43 CEST.
Flavor | Version | Tinstall | Tcheck | Ttotal | Status | Flags |
---|---|---|---|---|---|---|
r-devel-linux-x86_64-debian-clang | 0.1.0 | 90.94 | 24.34 | 115.28 | NOTE | |
r-devel-linux-x86_64-fedora-clang | 0.1.0 | 163.72 | NOTE | |||
r-devel-linux-x86_64-fedora-gcc | 0.1.0 | 157.30 | NOTE | |||
r-devel-windows-x86_64 | 0.1.0 | 102.00 | 59.00 | 161.00 | NOTE | |
r-patched-linux-x86_64 | 0.1.0 | 89.10 | 24.37 | 113.47 | OK | |
r-release-linux-x86_64 | 0.1.0 | 87.78 | 23.59 | 111.37 | OK | |
r-release-macos-arm64 | 0.1.0 | 55.00 | NOTE | |||
r-release-windows-x86_64 | 0.1.0 | 97.00 | 62.00 | 159.00 | OK | |
r-oldrel-macos-arm64 | 0.1.0 | 52.00 | NOTE | |||
r-oldrel-macos-x86_64 | 0.1.0 | 77.00 | NOTE | |||
r-oldrel-windows-x86_64 | 0.1.0 | 114.00 | 70.00 | 184.00 | OK |
Version: 0.1.0
Check: compiled code
Result: NOTE
File ‘fcl/libs/fcl.so’:
Found non-API calls to R: ‘SET_ENCLOS’, ‘SET_ENVFLAGS’, ‘SET_PRCODE’,
‘SET_PRENV’, ‘SET_PRVALUE’
Compiled code should not call non-API entry points in R.
See ‘Writing portable packages’ in the ‘Writing R Extensions’ manual.
Flavors: r-devel-linux-x86_64-debian-clang, r-devel-linux-x86_64-fedora-clang, r-devel-linux-x86_64-fedora-gcc
Version: 0.1.0
Check: compiled code
Result: NOTE
File 'fcl/libs/x64/fcl.dll':
Found non-API calls to R: 'SET_ENCLOS', 'SET_ENVFLAGS', 'SET_PRCODE',
'SET_PRENV', 'SET_PRVALUE'
Compiled code should not call non-API entry points in R.
See 'Writing portable packages' in the 'Writing R Extensions' manual.
Flavor: r-devel-windows-x86_64
Version: 0.1.0
Check: installed package size
Result: NOTE
installed size is 7.7Mb
sub-directories of 1Mb or more:
libs 7.6Mb
Flavors: r-release-macos-arm64, r-oldrel-macos-arm64, r-oldrel-macos-x86_64
These binaries (installable software) and packages are in development.
They may not be fully stable and should be used with caution. We make no claims about them.