Last updated on 2024-05-04 01:48:43 CEST.
Flavor | Version | Tinstall | Tcheck | Ttotal | Status | Flags |
---|---|---|---|---|---|---|
r-devel-linux-x86_64-debian-clang | 0.3.5 | 53.23 | 44.70 | 97.93 | NOTE | |
r-devel-linux-x86_64-fedora-clang | 0.3.5 | 155.84 | NOTE | |||
r-devel-linux-x86_64-fedora-gcc | 0.3.5 | 141.16 | NOTE | |||
r-devel-windows-x86_64 | 0.3.5 | 48.00 | 75.00 | 123.00 | NOTE | |
r-patched-linux-x86_64 | 0.3.5 | 54.75 | 42.94 | 97.69 | NOTE | |
r-release-linux-x86_64 | 0.3.5 | 58.70 | 44.48 | 103.18 | NOTE | |
r-release-macos-arm64 | 0.3.5 | 37.00 | NOTE | |||
r-release-windows-x86_64 | 0.3.5 | 46.00 | 78.00 | 124.00 | NOTE | |
r-oldrel-macos-arm64 | 0.3.5 | 43.00 | NOTE | |||
r-oldrel-macos-x86_64 | 0.3.5 | 65.00 | NOTE | |||
r-oldrel-windows-x86_64 | 0.3.5 | 57.00 | 84.00 | 141.00 | NOTE |
Version: 0.3.5
Check: C++ specification
Result: NOTE
Specified C++11: please drop specification unless essential
Flavors: r-devel-linux-x86_64-debian-clang, r-devel-linux-x86_64-fedora-clang, r-devel-linux-x86_64-fedora-gcc, r-devel-windows-x86_64, r-patched-linux-x86_64, r-release-linux-x86_64, r-release-macos-arm64, r-release-windows-x86_64, r-oldrel-macos-arm64, r-oldrel-macos-x86_64, r-oldrel-windows-x86_64
Version: 0.3.5
Check: LazyData
Result: NOTE
'LazyData' is specified without a 'data' directory
Flavors: r-devel-linux-x86_64-debian-clang, r-devel-linux-x86_64-fedora-clang, r-devel-linux-x86_64-fedora-gcc, r-devel-windows-x86_64, r-patched-linux-x86_64, r-release-linux-x86_64, r-release-macos-arm64, r-release-windows-x86_64, r-oldrel-macos-arm64, r-oldrel-macos-x86_64, r-oldrel-windows-x86_64
These binaries (installable software) and packages are in development.
They may not be fully stable and should be used with caution. We make no claims about them.