CRAN Package Check Results for Package fertilmodel

Last updated on 2025-10-25 11:48:32 CEST.

Flavor Version Tinstall Tcheck Ttotal Status Flags
r-devel-linux-x86_64-debian-clang 1.4 2.00 21.40 23.40 NOTE
r-devel-linux-x86_64-debian-gcc 1.4 1.60 17.86 19.46 NOTE
r-devel-linux-x86_64-fedora-clang 1.4 13.00 23.00 36.00 OK
r-devel-linux-x86_64-fedora-gcc 1.4 35.47 NOTE
r-devel-windows-x86_64 1.4 3.00 45.00 48.00 OK
r-patched-linux-x86_64 1.4 1.99 20.24 22.23 OK
r-release-linux-x86_64 1.4 1.83 20.49 22.32 OK
r-release-macos-arm64 1.4 1.00 16.00 17.00 OK
r-release-macos-x86_64 1.4 2.00 22.00 24.00 OK
r-release-windows-x86_64 1.4 3.00 47.00 50.00 OK
r-oldrel-macos-arm64 1.4 1.00 19.00 20.00 OK
r-oldrel-macos-x86_64 1.4 2.00 27.00 29.00 OK
r-oldrel-windows-x86_64 1.4 3.00 49.00 52.00 OK

Check Details

Version: 1.4
Check: Rd files
Result: NOTE checkRd: (-1) fertilmodel-package.Rd:11-17: Only 3 columns allowed in this table (row 2 has 2) checkRd: (-1) fertilmodel-package.Rd:11-17: Only 3 columns allowed in this table (row 3 has 2) checkRd: (-1) fertilmodel-package.Rd:11-17: Only 3 columns allowed in this table (row 4 has 2) Flavors: r-devel-linux-x86_64-debian-clang, r-devel-linux-x86_64-debian-gcc, r-devel-linux-x86_64-fedora-gcc

These binaries (installable software) and packages are in development.
They may not be fully stable and should be used with caution. We make no claims about them.