Last updated on 2024-05-04 01:48:43 CEST.
Flavor | Version | Tinstall | Tcheck | Ttotal | Status | Flags |
---|---|---|---|---|---|---|
r-devel-linux-x86_64-debian-clang | 0.7.1 | 16.64 | 115.80 | 132.44 | OK | |
r-devel-linux-x86_64-fedora-clang | 0.7.1 | 171.80 | OK | |||
r-devel-linux-x86_64-fedora-gcc | 0.7.1 | 165.05 | OK | |||
r-devel-windows-x86_64 | 0.7.1 | 13.00 | 97.00 | 110.00 | OK | |
r-patched-linux-x86_64 | 0.7.1 | 11.96 | 110.59 | 122.55 | OK | |
r-release-linux-x86_64 | 0.7.1 | 10.12 | 107.99 | 118.11 | OK | |
r-release-macos-arm64 | 0.7.1 | 42.00 | OK | |||
r-release-macos-x86_64 | 0.7.1 | 123.00 | OK | |||
r-release-windows-x86_64 | 0.7.1 | 13.00 | 97.00 | 110.00 | OK | |
r-oldrel-macos-arm64 | 0.7.1 | 10.00 | ERROR | |||
r-oldrel-macos-x86_64 | 0.7.1 | 6.00 | ERROR | |||
r-oldrel-windows-x86_64 | 0.7.1 | 16.00 | 120.00 | 136.00 | OK |
Version: 0.7.1
Check: package dependencies
Result: ERROR
Package required but not available: ‘rhdf5’
Package suggested but not available for checking: ‘phyloseq’
See section ‘The DESCRIPTION file’ in the ‘Writing R Extensions’
manual.
Flavors: r-oldrel-macos-arm64, r-oldrel-macos-x86_64
These binaries (installable software) and packages are in development.
They may not be fully stable and should be used with caution. We make no claims about them.