Last updated on 2024-05-04 01:48:43 CEST.
Flavor | Version | Tinstall | Tcheck | Ttotal | Status | Flags |
---|---|---|---|---|---|---|
r-devel-linux-x86_64-debian-clang | 0.1.6 | 132.17 | 115.97 | 248.14 | NOTE | |
r-devel-linux-x86_64-fedora-clang | 0.1.6 | 339.96 | NOTE | |||
r-devel-linux-x86_64-fedora-gcc | 0.1.6 | 340.77 | NOTE | |||
r-devel-windows-x86_64 | 0.1.6 | 104.00 | 118.00 | 222.00 | NOTE | |
r-patched-linux-x86_64 | 0.1.6 | 120.62 | 106.00 | 226.62 | OK | |
r-release-linux-x86_64 | 0.1.6 | 122.00 | 106.21 | 228.21 | OK | |
r-release-macos-arm64 | 0.1.6 | 67.00 | OK | |||
r-release-windows-x86_64 | 0.1.6 | 108.00 | 121.00 | 229.00 | OK | |
r-oldrel-macos-arm64 | 0.1.6 | 92.00 | OK | |||
r-oldrel-macos-x86_64 | 0.1.6 | 160.00 | OK | |||
r-oldrel-windows-x86_64 | 0.1.6 | 102.00 | 145.00 | 247.00 | OK |
Version: 0.1.6
Check: compiled code
Result: NOTE
File ‘filearray/libs/filearray.so’:
Found non-API call to R: ‘R_PromiseExpr’
Compiled code should not call non-API entry points in R.
See ‘Writing portable packages’ in the ‘Writing R Extensions’ manual.
Flavors: r-devel-linux-x86_64-debian-clang, r-devel-linux-x86_64-fedora-clang, r-devel-linux-x86_64-fedora-gcc
Version: 0.1.6
Check: compiled code
Result: NOTE
File 'filearray/libs/x64/filearray.dll':
Found non-API call to R: 'R_PromiseExpr'
Compiled code should not call non-API entry points in R.
See 'Writing portable packages' in the 'Writing R Extensions' manual.
Flavor: r-devel-windows-x86_64
These binaries (installable software) and packages are in development.
They may not be fully stable and should be used with caution. We make no claims about them.