Last updated on 2024-05-04 01:48:43 CEST.
Flavor | Version | Tinstall | Tcheck | Ttotal | Status | Flags |
---|---|---|---|---|---|---|
r-devel-linux-x86_64-debian-clang | 0.2.1 | 34.21 | 95.25 | 129.46 | OK | |
r-devel-linux-x86_64-fedora-clang | 0.2.1 | 186.11 | OK | |||
r-devel-linux-x86_64-fedora-gcc | 0.2.1 | 216.63 | OK | |||
r-devel-windows-x86_64 | 0.2.1 | 35.00 | 111.00 | 146.00 | OK | |
r-patched-linux-x86_64 | 0.2.1 | 33.97 | 96.28 | 130.25 | OK | |
r-release-linux-x86_64 | 0.2.1 | 43.63 | 96.88 | 140.51 | OK | |
r-release-macos-arm64 | 0.2.1 | 83.00 | NOTE | |||
r-release-macos-x86_64 | 0.2.1 | 216.00 | NOTE | |||
r-release-windows-x86_64 | 0.2.1 | 31.00 | 112.00 | 143.00 | OK | |
r-oldrel-macos-arm64 | 0.2.1 | 88.00 | NOTE | |||
r-oldrel-macos-x86_64 | 0.2.1 | 191.00 | NOTE | |||
r-oldrel-windows-x86_64 | 0.2.1 | 39.00 | 128.00 | 167.00 | OK |
Version: 0.2.1
Check: installed package size
Result: NOTE
installed size is 8.4Mb
sub-directories of 1Mb or more:
doc 1.1Mb
libs 7.1Mb
Flavors: r-release-macos-arm64, r-release-macos-x86_64, r-oldrel-macos-arm64, r-oldrel-macos-x86_64
These binaries (installable software) and packages are in development.
They may not be fully stable and should be used with caution. We make no claims about them.