Last updated on 2024-05-04 01:48:43 CEST.
Flavor | Version | Tinstall | Tcheck | Ttotal | Status | Flags |
---|---|---|---|---|---|---|
r-devel-linux-x86_64-debian-clang | 0.1.2 | 13.64 | 60.29 | 73.93 | OK | |
r-devel-linux-x86_64-fedora-clang | 0.1.2 | 99.39 | NOTE | |||
r-devel-linux-x86_64-fedora-gcc | 0.1.2 | 105.62 | NOTE | |||
r-devel-windows-x86_64 | 0.1.2 | 33.00 | 85.00 | 118.00 | OK | |
r-patched-linux-x86_64 | 0.1.2 | 14.86 | 57.34 | 72.20 | OK | |
r-release-linux-x86_64 | 0.1.2 | 11.03 | 58.10 | 69.13 | OK | |
r-release-macos-arm64 | 0.1.2 | 39.00 | NOTE | |||
r-release-windows-x86_64 | 0.1.2 | 32.00 | 84.00 | 116.00 | OK | |
r-oldrel-macos-arm64 | 0.1.2 | 52.00 | NOTE | |||
r-oldrel-macos-x86_64 | 0.1.2 | 90.00 | NOTE | |||
r-oldrel-windows-x86_64 | 0.1.2 | 41.00 | 180.00 | 221.00 | OK |
Version: 0.1.2
Check: data for non-ASCII characters
Result: NOTE
Note: found 222 marked UTF-8 strings
Flavors: r-devel-linux-x86_64-fedora-clang, r-devel-linux-x86_64-fedora-gcc
Version: 0.1.2
Check: installed package size
Result: NOTE
installed size is 5.5Mb
sub-directories of 1Mb or more:
data 2.4Mb
extdata 2.8Mb
Flavors: r-release-macos-arm64, r-oldrel-macos-arm64, r-oldrel-macos-x86_64
These binaries (installable software) and packages are in development.
They may not be fully stable and should be used with caution. We make no claims about them.