Last updated on 2024-05-04 01:48:43 CEST.
Flavor | Version | Tinstall | Tcheck | Ttotal | Status | Flags |
---|---|---|---|---|---|---|
r-devel-linux-x86_64-debian-clang | 0.1.3 | 6.96 | 56.40 | 63.36 | NOTE | |
r-devel-linux-x86_64-fedora-clang | 0.1.3 | 80.04 | NOTE | |||
r-devel-linux-x86_64-fedora-gcc | 0.1.3 | 73.22 | NOTE | |||
r-devel-windows-x86_64 | 0.1.3 | 9.00 | 60.00 | 69.00 | NOTE | |
r-patched-linux-x86_64 | 0.1.3 | 6.37 | 53.38 | 59.75 | NOTE | |
r-release-linux-x86_64 | 0.1.3 | 4.29 | 53.55 | 57.84 | NOTE | |
r-release-macos-arm64 | 0.1.3 | 22.00 | NOTE | |||
r-release-windows-x86_64 | 0.1.3 | 7.00 | 60.00 | 67.00 | NOTE | |
r-oldrel-macos-arm64 | 0.1.3 | 33.00 | NOTE | |||
r-oldrel-macos-x86_64 | 0.1.3 | 39.00 | NOTE | |||
r-oldrel-windows-x86_64 | 0.1.3 | 8.00 | 67.00 | 75.00 | NOTE |
Version: 0.1.3
Check: LazyData
Result: NOTE
'LazyData' is specified without a 'data' directory
Flavors: r-devel-linux-x86_64-debian-clang, r-devel-linux-x86_64-fedora-clang, r-devel-linux-x86_64-fedora-gcc, r-devel-windows-x86_64, r-patched-linux-x86_64, r-release-linux-x86_64, r-release-macos-arm64, r-release-windows-x86_64, r-oldrel-macos-arm64, r-oldrel-macos-x86_64, r-oldrel-windows-x86_64
These binaries (installable software) and packages are in development.
They may not be fully stable and should be used with caution. We make no claims about them.