Last updated on 2024-05-04 01:48:43 CEST.
Flavor | Version | Tinstall | Tcheck | Ttotal | Status | Flags |
---|---|---|---|---|---|---|
r-devel-linux-x86_64-debian-clang | 1.12-1 | 128.60 | 235.28 | 363.88 | OK | |
r-devel-linux-x86_64-fedora-clang | 1.12-1 | 465.47 | OK | |||
r-devel-linux-x86_64-fedora-gcc | 1.12-1 | 506.06 | OK | |||
r-devel-windows-x86_64 | 1.12-1 | 104.00 | 192.00 | 296.00 | NOTE | |
r-patched-linux-x86_64 | 1.12-1 | 108.89 | 220.77 | 329.66 | OK | |
r-release-linux-x86_64 | 1.12-1 | 107.10 | 222.63 | 329.73 | OK | |
r-release-macos-arm64 | 1.12-1 | 103.00 | NOTE | |||
r-release-windows-x86_64 | 1.12-1 | 101.00 | 193.00 | 294.00 | NOTE | |
r-oldrel-macos-arm64 | 1.12-1 | 102.00 | NOTE | |||
r-oldrel-macos-x86_64 | 1.12-1 | 257.00 | NOTE | |||
r-oldrel-windows-x86_64 | 1.12-1 | 140.00 | 245.00 | 385.00 | NOTE |
Version: 1.12-1
Check: installed package size
Result: NOTE
installed size is 13.9Mb
sub-directories of 1Mb or more:
libs 12.7Mb
Flavors: r-devel-windows-x86_64, r-release-macos-arm64, r-release-windows-x86_64, r-oldrel-macos-arm64, r-oldrel-macos-x86_64, r-oldrel-windows-x86_64
These binaries (installable software) and packages are in development.
They may not be fully stable and should be used with caution. We make no claims about them.