Last updated on 2024-05-04 01:48:43 CEST.
Flavor | Version | Tinstall | Tcheck | Ttotal | Status | Flags |
---|---|---|---|---|---|---|
r-devel-linux-x86_64-debian-clang | 0.1.0 | 2.58 | 31.38 | 33.96 | NOTE | |
r-devel-linux-x86_64-fedora-clang | 0.1.0 | 47.20 | NOTE | |||
r-devel-linux-x86_64-fedora-gcc | 0.1.0 | 41.14 | NOTE | |||
r-devel-windows-x86_64 | 0.1.0 | 4.00 | 47.00 | 51.00 | NOTE | |
r-patched-linux-x86_64 | 0.1.0 | 2.45 | 29.58 | 32.03 | NOTE | |
r-release-linux-x86_64 | 0.1.0 | 3.35 | 29.78 | 33.13 | NOTE | |
r-release-macos-arm64 | 0.1.0 | 17.00 | NOTE | |||
r-release-windows-x86_64 | 0.1.0 | 4.00 | 47.00 | 51.00 | NOTE | |
r-oldrel-macos-arm64 | 0.1.0 | 16.00 | NOTE | |||
r-oldrel-macos-x86_64 | 0.1.0 | 24.00 | NOTE | |||
r-oldrel-windows-x86_64 | 0.1.0 | 5.00 | 47.00 | 52.00 | NOTE |
Version: 0.1.0
Check: Rd files
Result: NOTE
checkRd: (-1) fitmixEM.Rd:51: Escaped LaTeX specials: \&
Flavors: r-devel-linux-x86_64-debian-clang, r-devel-linux-x86_64-fedora-clang, r-devel-linux-x86_64-fedora-gcc, r-devel-windows-x86_64, r-patched-linux-x86_64, r-release-linux-x86_64, r-release-macos-arm64, r-release-windows-x86_64, r-oldrel-macos-arm64, r-oldrel-macos-x86_64, r-oldrel-windows-x86_64
These binaries (installable software) and packages are in development.
They may not be fully stable and should be used with caution. We make no claims about them.