Last updated on 2024-05-04 01:48:43 CEST.
Flavor | Version | Tinstall | Tcheck | Ttotal | Status | Flags |
---|---|---|---|---|---|---|
r-devel-linux-x86_64-debian-clang | 1.1.0 | 38.17 | 285.70 | 323.87 | OK | |
r-devel-linux-x86_64-fedora-clang | 1.1.0 | 389.90 | NOTE | |||
r-devel-linux-x86_64-fedora-gcc | 1.1.0 | 372.76 | NOTE | |||
r-devel-windows-x86_64 | 1.1.0 | 24.00 | 172.00 | 196.00 | OK | |
r-patched-linux-x86_64 | 1.1.0 | 33.20 | 262.41 | 295.61 | OK | |
r-release-linux-x86_64 | 1.1.0 | 27.83 | 259.34 | 287.17 | OK | |
r-release-macos-arm64 | 1.1.0 | 90.00 | OK | |||
r-release-macos-x86_64 | 1.1.0 | 273.00 | OK | |||
r-release-windows-x86_64 | 1.1.0 | 23.00 | 173.00 | 196.00 | OK | |
r-oldrel-macos-arm64 | 1.1.0 | 102.00 | OK | |||
r-oldrel-macos-x86_64 | 1.1.0 | 238.00 | OK | |||
r-oldrel-windows-x86_64 | 1.1.0 | 32.00 | 227.00 | 259.00 | OK |
Version: 1.1.0
Check: data for non-ASCII characters
Result: NOTE
Note: found 3549 marked UTF-8 strings
Flavors: r-devel-linux-x86_64-fedora-clang, r-devel-linux-x86_64-fedora-gcc
These binaries (installable software) and packages are in development.
They may not be fully stable and should be used with caution. We make no claims about them.