Last updated on 2024-05-04 01:48:43 CEST.
Flavor | Version | Tinstall | Tcheck | Ttotal | Status | Flags |
---|---|---|---|---|---|---|
r-devel-linux-x86_64-debian-clang | 0.2.0 | 8.84 | 99.34 | 108.18 | NOTE | |
r-devel-linux-x86_64-fedora-clang | 0.2.0 | 136.92 | NOTE | |||
r-devel-linux-x86_64-fedora-gcc | 0.2.0 | 142.77 | NOTE | |||
r-devel-windows-x86_64 | 0.2.0 | 9.00 | 113.00 | 122.00 | NOTE | |
r-patched-linux-x86_64 | 0.2.0 | 6.76 | 93.13 | 99.89 | NOTE | |
r-release-linux-x86_64 | 0.2.0 | 5.74 | 93.45 | 99.19 | NOTE | |
r-release-macos-arm64 | 0.2.0 | 52.00 | NOTE | |||
r-release-windows-x86_64 | 0.2.0 | 8.00 | 112.00 | 120.00 | NOTE | |
r-oldrel-macos-arm64 | 0.2.0 | 57.00 | OK | |||
r-oldrel-macos-x86_64 | 0.2.0 | 106.00 | OK | |||
r-oldrel-windows-x86_64 | 0.2.0 | 10.00 | 119.00 | 129.00 | OK |
Version: 0.2.0
Check: Rd files
Result: NOTE
checkRd: (-1) flow_embed.Rd:30: Lost braces; missing escapes or markup?
30 | \item Don't forget to add {flow} to Suggests in your DESCRIPTION file.
| ^
Flavors: r-devel-linux-x86_64-debian-clang, r-devel-linux-x86_64-fedora-clang, r-devel-linux-x86_64-fedora-gcc, r-devel-windows-x86_64, r-patched-linux-x86_64, r-release-linux-x86_64, r-release-macos-arm64, r-release-windows-x86_64
These binaries (installable software) and packages are in development.
They may not be fully stable and should be used with caution. We make no claims about them.