Last updated on 2024-05-04 01:48:43 CEST.
Flavor | Version | Tinstall | Tcheck | Ttotal | Status | Flags |
---|---|---|---|---|---|---|
r-devel-linux-x86_64-debian-clang | 0.1.5 | 146.87 | 248.34 | 395.21 | OK | |
r-devel-linux-x86_64-fedora-clang | 0.1.5 | 528.04 | OK | |||
r-devel-linux-x86_64-fedora-gcc | 0.1.5 | 554.47 | OK | |||
r-devel-windows-x86_64 | 0.1.5 | 115.00 | 227.00 | 342.00 | OK | |
r-patched-linux-x86_64 | 0.1.5 | 156.56 | 229.28 | 385.84 | OK | |
r-release-linux-x86_64 | 0.1.5 | 131.89 | 234.31 | 366.20 | OK | |
r-release-macos-arm64 | 0.1.5 | 119.00 | NOTE | |||
r-release-windows-x86_64 | 0.1.5 | 115.00 | 219.00 | 334.00 | OK | |
r-oldrel-macos-arm64 | 0.1.5 | 142.00 | NOTE | |||
r-oldrel-macos-x86_64 | 0.1.5 | 205.00 | NOTE | |||
r-oldrel-windows-x86_64 | 0.1.5 | 143.00 | 275.00 | 418.00 | OK |
Version: 0.1.5
Check: installed package size
Result: NOTE
installed size is 9.0Mb
sub-directories of 1Mb or more:
libs 7.0Mb
Flavors: r-release-macos-arm64, r-oldrel-macos-arm64, r-oldrel-macos-x86_64
These binaries (installable software) and packages are in development.
They may not be fully stable and should be used with caution. We make no claims about them.