Last updated on 2024-05-04 01:48:43 CEST.
Flavor | Version | Tinstall | Tcheck | Ttotal | Status | Flags |
---|---|---|---|---|---|---|
r-devel-linux-x86_64-debian-clang | 0.1.0 | 6.62 | 90.52 | 97.14 | NOTE | |
r-devel-linux-x86_64-fedora-clang | 0.1.0 | 126.15 | NOTE | |||
r-devel-linux-x86_64-fedora-gcc | 0.1.0 | 145.31 | NOTE | |||
r-devel-windows-x86_64 | 0.1.0 | 8.00 | 85.00 | 93.00 | NOTE | |
r-patched-linux-x86_64 | 0.1.0 | 7.12 | 85.79 | 92.91 | NOTE | |
r-release-linux-x86_64 | 0.1.0 | 7.46 | 86.83 | 94.29 | NOTE | |
r-release-macos-arm64 | 0.1.0 | 41.00 | NOTE | |||
r-release-windows-x86_64 | 0.1.0 | 8.00 | 86.00 | 94.00 | NOTE | |
r-oldrel-macos-arm64 | 0.1.0 | 46.00 | OK | |||
r-oldrel-macos-x86_64 | 0.1.0 | 68.00 | OK | |||
r-oldrel-windows-x86_64 | 0.1.0 | 10.00 | 122.00 | 132.00 | OK |
Version: 0.1.0
Check: Rd files
Result: NOTE
checkRd: (-1) depth.Rd:17: Lost braces; missing escapes or markup?
17 | \item {file} : {filename}
| ^
checkRd: (-1) depth.Rd:18: Lost braces; missing escapes or markup?
18 | \item {z_depth} : {measured focus range depth (z)}}
| ^
Flavors: r-devel-linux-x86_64-debian-clang, r-devel-linux-x86_64-fedora-clang, r-devel-linux-x86_64-fedora-gcc, r-devel-windows-x86_64, r-patched-linux-x86_64, r-release-linux-x86_64, r-release-macos-arm64, r-release-windows-x86_64
These binaries (installable software) and packages are in development.
They may not be fully stable and should be used with caution. We make no claims about them.