Last updated on 2024-05-04 01:48:43 CEST.
Flavor | Version | Tinstall | Tcheck | Ttotal | Status | Flags |
---|---|---|---|---|---|---|
r-devel-linux-x86_64-debian-clang | 0.6.2 | 8.72 | 60.09 | 68.81 | NOTE | |
r-devel-linux-x86_64-fedora-clang | 0.6.2 | 85.36 | NOTE | |||
r-devel-linux-x86_64-fedora-gcc | 0.6.2 | 81.79 | NOTE | |||
r-devel-windows-x86_64 | 0.6.2 | 8.00 | 61.00 | 69.00 | NOTE | |
r-patched-linux-x86_64 | 0.6.2 | 7.64 | 55.38 | 63.02 | NOTE | |
r-release-linux-x86_64 | 0.6.2 | 4.58 | 56.27 | 60.85 | NOTE | |
r-release-macos-arm64 | 0.6.2 | 26.00 | NOTE | |||
r-release-windows-x86_64 | 0.6.2 | 7.00 | 62.00 | 69.00 | NOTE | |
r-oldrel-macos-arm64 | 0.6.2 | 27.00 | NOTE | |||
r-oldrel-macos-x86_64 | 0.6.2 | 37.00 | NOTE | |||
r-oldrel-windows-x86_64 | 0.6.2 | 8.00 | 70.00 | 78.00 | NOTE |
Version: 0.6.2
Check: LazyData
Result: NOTE
'LazyData' is specified without a 'data' directory
Flavors: r-devel-linux-x86_64-debian-clang, r-devel-linux-x86_64-fedora-clang, r-devel-linux-x86_64-fedora-gcc, r-devel-windows-x86_64, r-patched-linux-x86_64, r-release-linux-x86_64, r-release-macos-arm64, r-release-windows-x86_64, r-oldrel-macos-arm64, r-oldrel-macos-x86_64, r-oldrel-windows-x86_64
These binaries (installable software) and packages are in development.
They may not be fully stable and should be used with caution. We make no claims about them.