Last updated on 2024-05-04 01:48:43 CEST.
Flavor | Version | Tinstall | Tcheck | Ttotal | Status | Flags |
---|---|---|---|---|---|---|
r-devel-linux-x86_64-debian-clang | 1.0.3 | 18.01 | 484.11 | 502.12 | OK | |
r-devel-linux-x86_64-fedora-clang | 1.0.3 | 626.31 | NOTE | |||
r-devel-linux-x86_64-fedora-gcc | 1.0.3 | 604.88 | NOTE | |||
r-devel-windows-x86_64 | 1.0.3 | 18.00 | 367.00 | 385.00 | OK | |
r-patched-linux-x86_64 | 1.0.3 | 19.92 | 479.72 | 499.64 | OK | |
r-release-linux-x86_64 | 1.0.3 | 18.03 | 478.63 | 496.66 | OK | |
r-release-macos-arm64 | 1.0.3 | 170.00 | OK | |||
r-release-windows-x86_64 | 1.0.3 | 16.00 | 371.00 | 387.00 | OK | |
r-oldrel-macos-arm64 | 1.0.3 | 188.00 | OK | |||
r-oldrel-macos-x86_64 | 1.0.3 | 322.00 | OK | |||
r-oldrel-windows-x86_64 | 1.0.3 | 21.00 | 452.00 | 473.00 | OK |
Version: 1.0.3
Check: data for non-ASCII characters
Result: NOTE
Note: found 31 marked UTF-8 strings
Flavors: r-devel-linux-x86_64-fedora-clang, r-devel-linux-x86_64-fedora-gcc
These binaries (installable software) and packages are in development.
They may not be fully stable and should be used with caution. We make no claims about them.