Last updated on 2025-10-24 05:50:39 CEST.
| Flavor | Version | Tinstall | Tcheck | Ttotal | Status | Flags |
|---|---|---|---|---|---|---|
| r-devel-linux-x86_64-debian-clang | 1.0.0 | 12.81 | 97.15 | 109.96 | NOTE | |
| r-devel-linux-x86_64-debian-gcc | 1.0.0 | 8.42 | 71.09 | 79.51 | OK | |
| r-devel-linux-x86_64-fedora-clang | 1.0.0 | 52.00 | 124.12 | 176.12 | OK | |
| r-devel-linux-x86_64-fedora-gcc | 1.0.0 | 26.00 | 128.30 | 154.30 | OK | |
| r-devel-windows-x86_64 | 1.0.0 | 11.00 | 119.00 | 130.00 | OK | |
| r-patched-linux-x86_64 | 1.0.0 | 10.77 | 90.73 | 101.50 | OK | |
| r-release-linux-x86_64 | 1.0.0 | 10.63 | 90.59 | 101.22 | OK | |
| r-release-macos-arm64 | 1.0.0 | 5.00 | 39.00 | 44.00 | OK | |
| r-release-macos-x86_64 | 1.0.0 | 14.00 | 83.00 | 97.00 | OK | |
| r-release-windows-x86_64 | 1.0.0 | 16.00 | 119.00 | 135.00 | OK | |
| r-oldrel-macos-arm64 | 1.0.0 | 6.00 | 44.00 | 50.00 | OK | |
| r-oldrel-macos-x86_64 | 1.0.0 | 11.00 | 83.00 | 94.00 | OK | |
| r-oldrel-windows-x86_64 | 1.0.0 | 19.00 | 130.00 | 149.00 | OK |
Version: 1.0.0
Check: HTML version of manual
Result: NOTE
Found the following HTML validation problems:
RocFun.html:66:1 (RocFun.Rd:20): Warning: missing </ul> before </div>
dnorkernel.html:50:1 (dnorkernel.Rd:12): Warning: missing </ul> before </div>
integ.html:58:1 (integ.Rd:16): Warning: missing </ul> before </div>
muro.html:46:1 (muro.Rd:10): Warning: missing </ul> before </div>
wIQR.html:50:1 (wIQR.Rd:12): Warning: missing </ul> before </div>
wquantile.html:54:1 (wquantile.Rd:14): Warning: missing </ul> before </div>
wvar.html:54:1 (wvar.Rd:14): Warning: missing </ul> before </div>
Flavor: r-devel-linux-x86_64-debian-clang
These binaries (installable software) and packages are in development.
They may not be fully stable and should be used with caution. We make no claims about them.