Last updated on 2024-05-04 01:48:43 CEST.
Flavor | Version | Tinstall | Tcheck | Ttotal | Status | Flags |
---|---|---|---|---|---|---|
r-devel-linux-x86_64-debian-clang | 0.2.0 | 7.35 | 73.60 | 80.95 | NOTE | |
r-devel-linux-x86_64-fedora-clang | 0.2.0 | 106.03 | NOTE | |||
r-devel-linux-x86_64-fedora-gcc | 0.2.0 | 113.78 | NOTE | |||
r-devel-windows-x86_64 | 0.2.0 | 11.00 | 88.00 | 99.00 | NOTE | |
r-patched-linux-x86_64 | 0.2.0 | 7.21 | 68.66 | 75.87 | NOTE | |
r-release-linux-x86_64 | 0.2.0 | 6.83 | 67.90 | 74.73 | NOTE | |
r-release-macos-arm64 | 0.2.0 | 41.00 | NOTE | |||
r-release-windows-x86_64 | 0.2.0 | 10.00 | 89.00 | 99.00 | NOTE | |
r-oldrel-macos-arm64 | 0.2.0 | 46.00 | NOTE | |||
r-oldrel-macos-x86_64 | 0.2.0 | 65.00 | NOTE | |||
r-oldrel-windows-x86_64 | 0.2.0 | 11.00 | 98.00 | 109.00 | NOTE |
Version: 0.2.0
Check: Rd files
Result: NOTE
checkRd: (-1) adminlte_color.Rd:64: Lost braces; missing escapes or markup?
64 | defaults colors in {shinydashboard}.
| ^
checkRd: (-1) adminlte_global.Rd:21: Lost braces; missing escapes or markup?
21 | global settings in {shinydashboard}.
| ^
checkRd: (-1) adminlte_sidebar.Rd:61: Lost braces; missing escapes or markup?
61 | the sidebar in {shinydashboard}.
| ^
checkRd: (-1) search_vars_adminlte2.Rd:15: Lost braces in \itemize; \value handles \item{}{} directly
checkRd: (-1) search_vars_adminlte2.Rd:16: Lost braces in \itemize; \value handles \item{}{} directly
checkRd: (-1) search_vars_bs.Rd:22: Lost braces in \itemize; \value handles \item{}{} directly
checkRd: (-1) search_vars_bs.Rd:23: Lost braces in \itemize; \value handles \item{}{} directly
checkRd: (-1) search_vars_bs4dash.Rd:17: Lost braces in \itemize; \value handles \item{}{} directly
checkRd: (-1) search_vars_bs4dash.Rd:18: Lost braces in \itemize; \value handles \item{}{} directly
checkRd: (-1) search_vars_bs4dash.Rd:19: Lost braces in \itemize; \value handles \item{}{} directly
Flavors: r-devel-linux-x86_64-debian-clang, r-devel-linux-x86_64-fedora-clang, r-devel-linux-x86_64-fedora-gcc, r-devel-windows-x86_64, r-patched-linux-x86_64, r-release-linux-x86_64, r-release-macos-arm64, r-release-windows-x86_64
Version: 0.2.0
Check: LazyData
Result: NOTE
'LazyData' is specified without a 'data' directory
Flavors: r-devel-linux-x86_64-debian-clang, r-devel-linux-x86_64-fedora-clang, r-devel-linux-x86_64-fedora-gcc, r-devel-windows-x86_64, r-patched-linux-x86_64, r-release-linux-x86_64, r-release-macos-arm64, r-release-windows-x86_64, r-oldrel-macos-arm64, r-oldrel-macos-x86_64, r-oldrel-windows-x86_64
These binaries (installable software) and packages are in development.
They may not be fully stable and should be used with caution. We make no claims about them.