Last updated on 2024-05-04 01:48:43 CEST.
Flavor | Version | Tinstall | Tcheck | Ttotal | Status | Flags |
---|---|---|---|---|---|---|
r-devel-linux-x86_64-debian-clang | 2.25.2 | 11.70 | 117.92 | 129.62 | NOTE | |
r-devel-linux-x86_64-fedora-clang | 2.25.2 | 170.25 | NOTE | |||
r-devel-linux-x86_64-fedora-gcc | 2.25.2 | 167.24 | NOTE | |||
r-devel-windows-x86_64 | 2.25.2 | 14.00 | 141.00 | 155.00 | NOTE | |
r-patched-linux-x86_64 | 2.25.2 | 18.24 | 109.78 | 128.02 | NOTE | |
r-release-linux-x86_64 | 2.25.2 | 10.07 | 111.88 | 121.95 | NOTE | |
r-release-macos-arm64 | 2.25.2 | 58.00 | NOTE | |||
r-release-windows-x86_64 | 2.25.2 | 14.00 | 133.00 | 147.00 | NOTE | |
r-oldrel-macos-arm64 | 2.25.2 | 64.00 | OK | |||
r-oldrel-macos-x86_64 | 2.25.2 | 93.00 | OK | |||
r-oldrel-windows-x86_64 | 2.25.2 | 15.00 | 152.00 | 167.00 | OK |
Version: 2.25.2
Check: Rd files
Result: NOTE
checkRd: (-1) fsl_cluster.Rd:76: Lost braces in \itemize; \value handles \item{}{} directly
checkRd: (-1) fsl_cluster.Rd:77: Lost braces in \itemize; \value handles \item{}{} directly
checkRd: (-1) fsl_cluster.Rd:78: Lost braces in \itemize; \value handles \item{}{} directly
checkRd: (-1) fsl_cluster.Rd:79: Lost braces in \itemize; \value handles \item{}{} directly
checkRd: (-1) fsl_cluster.Rd:80: Lost braces in \itemize; \value handles \item{}{} directly
checkRd: (-1) fsl_cluster.Rd:81: Lost braces in \itemize; \value handles \item{}{} directly
checkRd: (-1) fsl_cluster.Rd:82: Lost braces in \itemize; \value handles \item{}{} directly
checkRd: (-1) fsl_cluster.Rd:83: Lost braces in \itemize; \value handles \item{}{} directly
checkRd: (-1) rpi_orient.Rd:26: Lost braces in \itemize; \value handles \item{}{} directly
checkRd: (-1) rpi_orient.Rd:27: Lost braces in \itemize; \value handles \item{}{} directly
checkRd: (-1) rpi_orient.Rd:28: Lost braces in \itemize; \value handles \item{}{} directly
Flavors: r-devel-linux-x86_64-debian-clang, r-devel-linux-x86_64-fedora-clang, r-devel-linux-x86_64-fedora-gcc, r-devel-windows-x86_64, r-patched-linux-x86_64, r-release-linux-x86_64, r-release-macos-arm64, r-release-windows-x86_64
These binaries (installable software) and packages are in development.
They may not be fully stable and should be used with caution. We make no claims about them.