Last updated on 2024-05-04 01:48:43 CEST.
Flavor | Version | Tinstall | Tcheck | Ttotal | Status | Flags |
---|---|---|---|---|---|---|
r-devel-linux-x86_64-debian-clang | 0.9.18 | 88.90 | 32.91 | 121.81 | NOTE | |
r-devel-linux-x86_64-fedora-clang | 0.9.18 | 219.77 | NOTE | |||
r-devel-linux-x86_64-fedora-gcc | 0.9.18 | 178.65 | NOTE | |||
r-devel-windows-x86_64 | 0.9.18 | 122.00 | 73.00 | 195.00 | NOTE | |
r-patched-linux-x86_64 | 0.9.18 | 83.25 | 30.24 | 113.49 | OK | |
r-release-linux-x86_64 | 0.9.18 | 83.61 | 31.27 | 114.88 | OK | |
r-release-macos-arm64 | 0.9.18 | 41.00 | OK | |||
r-release-windows-x86_64 | 0.9.18 | 124.00 | 68.00 | 192.00 | OK | |
r-oldrel-macos-arm64 | 0.9.18 | 59.00 | OK | |||
r-oldrel-macos-x86_64 | 0.9.18 | 64.00 | OK | |||
r-oldrel-windows-x86_64 | 0.9.18 | 131.00 | 80.00 | 211.00 | OK |
Version: 0.9.18
Check: compiled code
Result: NOTE
File ‘fstcore/libs/fstcore.so’:
Found non-API call to R: ‘SET_S4_OBJECT’
Compiled code should not call non-API entry points in R.
See ‘Writing portable packages’ in the ‘Writing R Extensions’ manual.
Flavors: r-devel-linux-x86_64-debian-clang, r-devel-linux-x86_64-fedora-clang, r-devel-linux-x86_64-fedora-gcc
Version: 0.9.18
Check: compiled code
Result: NOTE
File 'fstcore/libs/x64/fstcore.dll':
Found non-API call to R: 'SET_S4_OBJECT'
Compiled code should not call non-API entry points in R.
See 'Writing portable packages' in the 'Writing R Extensions' manual.
Flavor: r-devel-windows-x86_64
These binaries (installable software) and packages are in development.
They may not be fully stable and should be used with caution. We make no claims about them.