Last updated on 2024-05-04 01:48:43 CEST.
Flavor | Version | Tinstall | Tcheck | Ttotal | Status | Flags |
---|---|---|---|---|---|---|
r-devel-linux-x86_64-debian-clang | 1.0.8 | 7.23 | 58.77 | 66.00 | NOTE | |
r-devel-linux-x86_64-fedora-clang | 1.0.8 | 208.87 | OK | |||
r-devel-linux-x86_64-fedora-gcc | 1.0.8 | 180.17 | OK | |||
r-devel-windows-x86_64 | 1.0.8 | 19.00 | 124.00 | 143.00 | OK | |
r-patched-linux-x86_64 | 1.0.8 | 5.86 | 144.25 | 150.11 | OK | |
r-release-linux-x86_64 | 1.0.8 | 5.85 | 140.33 | 146.18 | OK | |
r-release-macos-arm64 | 1.0.8 | 59.00 | OK | |||
r-release-windows-x86_64 | 1.0.8 | 20.00 | 125.00 | 145.00 | OK | |
r-oldrel-macos-arm64 | 1.0.8 | 27.00 | NOTE | |||
r-oldrel-macos-x86_64 | 1.0.8 | 40.00 | NOTE | |||
r-oldrel-windows-x86_64 | 1.0.8 | 26.00 | 158.00 | 184.00 | OK |
Version: 1.0.8
Check: package dependencies
Result: NOTE
Package suggested but not available for checking: ‘WGCNA’
Flavors: r-devel-linux-x86_64-debian-clang, r-oldrel-macos-arm64, r-oldrel-macos-x86_64
These binaries (installable software) and packages are in development.
They may not be fully stable and should be used with caution. We make no claims about them.