Last updated on 2024-05-04 01:48:43 CEST.
Flavor | Version | Tinstall | Tcheck | Ttotal | Status | Flags |
---|---|---|---|---|---|---|
r-devel-linux-x86_64-debian-clang | 1.6.3 | 9.20 | 110.01 | 119.21 | OK | |
r-devel-linux-x86_64-fedora-clang | 1.6.3 | 147.97 | NOTE | |||
r-devel-linux-x86_64-fedora-gcc | 1.6.3 | 149.15 | OK | |||
r-devel-windows-x86_64 | 1.6.3 | 8.00 | 96.00 | 104.00 | NOTE | |
r-patched-linux-x86_64 | 1.6.3 | 6.56 | 103.07 | 109.63 | OK | |
r-release-linux-x86_64 | 1.6.3 | 7.59 | 103.75 | 111.34 | OK | |
r-release-macos-arm64 | 1.6.3 | 41.00 | NOTE | |||
r-release-windows-x86_64 | 1.6.3 | 8.00 | 97.00 | 105.00 | NOTE | |
r-oldrel-macos-arm64 | 1.6.3 | 54.00 | NOTE | |||
r-oldrel-macos-x86_64 | 1.6.3 | 126.00 | NOTE | |||
r-oldrel-windows-x86_64 | 1.6.3 | 9.00 | 105.00 | 114.00 | NOTE |
Version: 1.6.3
Check: installed package size
Result: NOTE
installed size is 5.8Mb
sub-directories of 1Mb or more:
doc 1.2Mb
help 4.3Mb
Flavors: r-devel-linux-x86_64-fedora-clang, r-devel-windows-x86_64, r-release-macos-arm64, r-release-windows-x86_64, r-oldrel-macos-arm64, r-oldrel-macos-x86_64, r-oldrel-windows-x86_64
These binaries (installable software) and packages are in development.
They may not be fully stable and should be used with caution. We make no claims about them.