Last updated on 2024-05-04 01:48:43 CEST.
Flavor | Version | Tinstall | Tcheck | Ttotal | Status | Flags |
---|---|---|---|---|---|---|
r-devel-linux-x86_64-debian-clang | 2.0-1 | 175.52 | 55.90 | 231.42 | OK | |
r-devel-linux-x86_64-fedora-clang | 2.0-1 | 321.53 | OK | |||
r-devel-linux-x86_64-fedora-gcc | 2.0-1 | 317.83 | OK | |||
r-devel-windows-x86_64 | 2.0-1 | 119.00 | 89.00 | 208.00 | OK | |
r-patched-linux-x86_64 | 2.0-1 | 152.08 | 53.18 | 205.26 | OK | |
r-release-linux-x86_64 | 2.0-1 | 153.57 | 52.66 | 206.23 | OK | |
r-release-macos-arm64 | 2.0-1 | 60.00 | NOTE | |||
r-release-windows-x86_64 | 2.0-1 | 118.00 | 88.00 | 206.00 | OK | |
r-oldrel-macos-arm64 | 2.0-1 | 84.00 | NOTE | |||
r-oldrel-macos-x86_64 | 2.0-1 | 117.00 | NOTE | |||
r-oldrel-windows-x86_64 | 2.0-1 | 147.00 | 98.00 | 245.00 | OK |
Version: 2.0-1
Check: installed package size
Result: NOTE
installed size is 6.0Mb
sub-directories of 1Mb or more:
libs 5.1Mb
Flavors: r-release-macos-arm64, r-oldrel-macos-arm64, r-oldrel-macos-x86_64
These binaries (installable software) and packages are in development.
They may not be fully stable and should be used with caution. We make no claims about them.