Last updated on 2024-05-04 01:48:44 CEST.
Flavor | Version | Tinstall | Tcheck | Ttotal | Status | Flags |
---|---|---|---|---|---|---|
r-devel-linux-x86_64-debian-clang | 0.1.0 | 39.68 | 34.93 | 74.61 | OK | |
r-devel-linux-x86_64-fedora-clang | 0.1.0 | 100.76 | OK | |||
r-devel-linux-x86_64-fedora-gcc | 0.1.0 | 120.32 | OK | |||
r-devel-windows-x86_64 | 0.1.0 | 30.00 | 67.00 | 97.00 | OK | |
r-patched-linux-x86_64 | 0.1.0 | 41.54 | 35.16 | 76.70 | OK | |
r-release-linux-x86_64 | 0.1.0 | 47.12 | 35.49 | 82.61 | OK | |
r-release-macos-arm64 | 0.1.0 | 31.00 | NOTE | |||
r-release-windows-x86_64 | 0.1.0 | 30.00 | 64.00 | 94.00 | OK | |
r-oldrel-macos-arm64 | 0.1.0 | 36.00 | NOTE | |||
r-oldrel-macos-x86_64 | 0.1.0 | 54.00 | NOTE | |||
r-oldrel-windows-x86_64 | 0.1.0 | 37.00 | 73.00 | 110.00 | OK |
Version: 0.1.0
Check: installed package size
Result: NOTE
installed size is 6.6Mb
sub-directories of 1Mb or more:
libs 6.5Mb
Flavors: r-release-macos-arm64, r-oldrel-macos-arm64, r-oldrel-macos-x86_64
These binaries (installable software) and packages are in development.
They may not be fully stable and should be used with caution. We make no claims about them.