CRAN Package Check Results for Package gbs2ploidy

Last updated on 2025-07-11 09:50:06 CEST.

Flavor Version Tinstall Tcheck Ttotal Status Flags
r-devel-linux-x86_64-debian-clang 1.0 1.97 31.69 33.66 NOTE
r-devel-linux-x86_64-debian-gcc 1.0 1.32 23.97 25.29 NOTE
r-devel-linux-x86_64-fedora-clang 1.0 46.56 NOTE
r-devel-linux-x86_64-fedora-gcc 1.0 49.92 NOTE
r-devel-windows-x86_64 1.0 3.00 53.00 56.00 NOTE
r-patched-linux-x86_64 1.0 2.14 30.16 32.30 NOTE
r-release-linux-x86_64 1.0 1.84 30.78 32.62 NOTE
r-release-macos-arm64 1.0 26.00 NOTE
r-release-macos-x86_64 1.0 39.00 NOTE
r-release-windows-x86_64 1.0 3.00 57.00 60.00 NOTE
r-oldrel-macos-arm64 1.0 20.00 NOTE
r-oldrel-macos-x86_64 1.0 30.00 NOTE
r-oldrel-windows-x86_64 1.0 4.00 61.00 65.00 NOTE

Check Details

Version: 1.0
Check: CRAN incoming feasibility
Result: NOTE Maintainer: ‘Zachariah Gompert <zach.gompert@usu.edu>’ No Authors@R field in DESCRIPTION. Please add one, modifying Authors@R: person(given = "Zachariah", family = "Gompert", role = c("aut", "cre"), email = "zach.gompert@usu.edu") as necessary. Flavors: r-devel-linux-x86_64-debian-clang, r-devel-linux-x86_64-debian-gcc

Version: 1.0
Check: Rd files
Result: NOTE checkRd: (-1) estprops.Rd:40: Escaped LaTeX specials: \& Flavors: r-devel-linux-x86_64-debian-clang, r-devel-linux-x86_64-debian-gcc, r-devel-linux-x86_64-fedora-clang, r-devel-linux-x86_64-fedora-gcc, r-devel-windows-x86_64, r-patched-linux-x86_64, r-release-linux-x86_64, r-release-macos-arm64, r-release-macos-x86_64, r-release-windows-x86_64, r-oldrel-macos-arm64, r-oldrel-macos-x86_64, r-oldrel-windows-x86_64

These binaries (installable software) and packages are in development.
They may not be fully stable and should be used with caution. We make no claims about them.