Last updated on 2024-05-04 01:48:44 CEST.
Flavor | Version | Tinstall | Tcheck | Ttotal | Status | Flags |
---|---|---|---|---|---|---|
r-devel-linux-x86_64-debian-clang | 0.3.7 | 63.54 | 47.42 | 110.96 | OK | |
r-devel-linux-x86_64-fedora-clang | 0.3.7 | 162.48 | OK | |||
r-devel-linux-x86_64-fedora-gcc | 0.3.7 | 151.12 | OK | |||
r-devel-windows-x86_64 | 0.3.7 | 66.00 | 122.00 | 188.00 | OK | |
r-patched-linux-x86_64 | 0.3.7 | 67.33 | 46.36 | 113.69 | OK | |
r-release-linux-x86_64 | 0.3.7 | 58.23 | 44.97 | 103.20 | OK | |
r-release-macos-arm64 | 0.3.7 | 42.00 | OK | |||
r-release-macos-x86_64 | 0.3.7 | 68.00 | NOTE | |||
r-release-windows-x86_64 | 0.3.7 | 64.00 | 107.00 | 171.00 | OK | |
r-oldrel-macos-arm64 | 0.3.7 | 46.00 | OK | |||
r-oldrel-macos-x86_64 | 0.3.7 | 67.00 | NOTE | |||
r-oldrel-windows-x86_64 | 0.3.7 | 75.00 | 130.00 | 205.00 | OK |
Version: 0.3.7
Check: installed package size
Result: NOTE
installed size is 5.2Mb
sub-directories of 1Mb or more:
libs 5.0Mb
Flavors: r-release-macos-x86_64, r-oldrel-macos-x86_64
These binaries (installable software) and packages are in development.
They may not be fully stable and should be used with caution. We make no claims about them.