Last updated on 2024-05-04 01:48:44 CEST.
Flavor | Version | Tinstall | Tcheck | Ttotal | Status | Flags |
---|---|---|---|---|---|---|
r-devel-linux-x86_64-debian-clang | 0.1.3 | 3.97 | 500.96 | 504.93 | NOTE | |
r-devel-linux-x86_64-fedora-clang | 0.1.3 | 602.91 | NOTE | |||
r-devel-linux-x86_64-fedora-gcc | 0.1.3 | 564.01 | NOTE | |||
r-devel-windows-x86_64 | 0.1.3 | 5.00 | 303.00 | 308.00 | NOTE | |
r-patched-linux-x86_64 | 0.1.3 | 3.42 | 448.80 | 452.22 | NOTE | |
r-release-linux-x86_64 | 0.1.3 | 3.13 | 459.99 | 463.12 | NOTE | |
r-release-macos-arm64 | 0.1.3 | 116.00 | NOTE | |||
r-release-windows-x86_64 | 0.1.3 | 5.00 | 300.00 | 305.00 | NOTE | |
r-oldrel-macos-arm64 | 0.1.3 | 127.00 | NOTE | |||
r-oldrel-macos-x86_64 | 0.1.3 | 233.00 | NOTE | |||
r-oldrel-windows-x86_64 | 0.1.3 | 5.00 | 395.00 | 400.00 | NOTE |
Version: 0.1.3
Check: LazyData
Result: NOTE
'LazyData' is specified without a 'data' directory
Flavors: r-devel-linux-x86_64-debian-clang, r-devel-linux-x86_64-fedora-clang, r-devel-linux-x86_64-fedora-gcc, r-devel-windows-x86_64, r-patched-linux-x86_64, r-release-linux-x86_64, r-release-macos-arm64, r-release-windows-x86_64, r-oldrel-macos-arm64, r-oldrel-macos-x86_64, r-oldrel-windows-x86_64
Version: 0.1.3
Check: dependencies in R code
Result: NOTE
Namespace in Imports field not imported from: ‘methods’
All declared Imports should be used.
Flavors: r-devel-linux-x86_64-fedora-clang, r-devel-linux-x86_64-fedora-gcc
These binaries (installable software) and packages are in development.
They may not be fully stable and should be used with caution. We make no claims about them.