Last updated on 2024-05-04 01:48:44 CEST.
Flavor | Version | Tinstall | Tcheck | Ttotal | Status | Flags |
---|---|---|---|---|---|---|
r-devel-linux-x86_64-debian-clang | 1.2.2 | 149.27 | 45.89 | 195.16 | NOTE | |
r-devel-linux-x86_64-fedora-clang | 1.2.2 | 307.05 | NOTE | |||
r-devel-linux-x86_64-fedora-gcc | 1.2.2 | 282.70 | NOTE | |||
r-devel-windows-x86_64 | 1.2.2 | 119.00 | 81.00 | 200.00 | NOTE | |
r-patched-linux-x86_64 | 1.2.2 | 143.91 | 41.85 | 185.76 | NOTE | |
r-release-linux-x86_64 | 1.2.2 | 146.24 | 40.71 | 186.95 | NOTE | |
r-release-macos-arm64 | 1.2.2 | 62.00 | NOTE | |||
r-release-windows-x86_64 | 1.2.2 | 118.00 | 81.00 | 199.00 | NOTE | |
r-oldrel-macos-arm64 | 1.2.2 | 75.00 | NOTE | |||
r-oldrel-macos-x86_64 | 1.2.2 | 120.00 | NOTE | |||
r-oldrel-windows-x86_64 | 1.2.2 | 141.00 | 93.00 | 234.00 | NOTE |
Version: 1.2.2
Check: C++ specification
Result: NOTE
Specified C++11: please drop specification unless essential
Flavors: r-devel-linux-x86_64-debian-clang, r-devel-linux-x86_64-fedora-clang, r-devel-linux-x86_64-fedora-gcc, r-devel-windows-x86_64, r-patched-linux-x86_64, r-release-linux-x86_64, r-release-macos-arm64, r-release-windows-x86_64, r-oldrel-macos-arm64, r-oldrel-macos-x86_64, r-oldrel-windows-x86_64
Version: 1.2.2
Check: installed package size
Result: NOTE
installed size is 11.7Mb
sub-directories of 1Mb or more:
doc 1.5Mb
libs 9.3Mb
Flavors: r-release-macos-arm64, r-oldrel-macos-arm64, r-oldrel-macos-x86_64
These binaries (installable software) and packages are in development.
They may not be fully stable and should be used with caution. We make no claims about them.