Last updated on 2024-05-04 01:48:44 CEST.
Flavor | Version | Tinstall | Tcheck | Ttotal | Status | Flags |
---|---|---|---|---|---|---|
r-devel-linux-x86_64-debian-clang | 0.3.4 | 179.87 | 584.11 | 763.98 | OK | |
r-devel-linux-x86_64-fedora-clang | 0.3.4 | 996.67 | NOTE | |||
r-devel-linux-x86_64-fedora-gcc | 0.3.4 | 894.06 | OK | |||
r-devel-windows-x86_64 | 0.3.4 | 124.00 | 446.00 | 570.00 | NOTE | |
r-patched-linux-x86_64 | 0.3.4 | 113.01 | 569.86 | 682.87 | OK | |
r-release-linux-x86_64 | 0.3.4 | 113.18 | 572.05 | 685.23 | OK | |
r-release-macos-arm64 | 0.3.4 | 238.00 | NOTE | |||
r-release-windows-x86_64 | 0.3.4 | 120.00 | 433.00 | 553.00 | NOTE | |
r-oldrel-macos-arm64 | 0.3.4 | 357.00 | NOTE | |||
r-oldrel-macos-x86_64 | 0.3.4 | 472.00 | NOTE | |||
r-oldrel-windows-x86_64 | 0.3.4 | 158.00 | 580.00 | 738.00 | NOTE |
Version: 0.3.4
Check: installed package size
Result: NOTE
installed size is 5.8Mb
sub-directories of 1Mb or more:
extdata 3.0Mb
Flavors: r-devel-linux-x86_64-fedora-clang, r-devel-windows-x86_64, r-release-macos-arm64, r-release-windows-x86_64, r-oldrel-macos-arm64, r-oldrel-macos-x86_64, r-oldrel-windows-x86_64
These binaries (installable software) and packages are in development.
They may not be fully stable and should be used with caution. We make no claims about them.