Last updated on 2025-10-23 21:51:28 CEST.
| Flavor | Version | Tinstall | Tcheck | Ttotal | Status | Flags |
|---|---|---|---|---|---|---|
| r-devel-linux-x86_64-debian-clang | 1.0 | 1.99 | 26.24 | 28.23 | OK | |
| r-devel-linux-x86_64-debian-gcc | 1.0 | 2.01 | 21.06 | 23.07 | NOTE | |
| r-devel-linux-x86_64-fedora-clang | 1.0 | 19.00 | 26.47 | 45.47 | OK | |
| r-devel-linux-x86_64-fedora-gcc | 1.0 | 40.69 | OK | |||
| r-devel-windows-x86_64 | 1.0 | 4.00 | 44.00 | 48.00 | OK | |
| r-patched-linux-x86_64 | 1.0 | 2.27 | 25.00 | 27.27 | OK | |
| r-release-linux-x86_64 | 1.0 | 1.95 | 25.08 | 27.03 | OK | |
| r-release-macos-arm64 | 1.0 | 2.00 | 18.00 | 20.00 | OK | |
| r-release-macos-x86_64 | 1.0 | 4.00 | 27.00 | 31.00 | OK | |
| r-release-windows-x86_64 | 1.0 | 4.00 | 45.00 | 49.00 | OK | |
| r-oldrel-macos-arm64 | 1.0 | 2.00 | 17.00 | 19.00 | OK | |
| r-oldrel-macos-x86_64 | 1.0 | 2.00 | 31.00 | 33.00 | OK | |
| r-oldrel-windows-x86_64 | 1.0 | 4.00 | 52.00 | 56.00 | OK |
Version: 1.0
Check: Rd files
Result: NOTE
checkRd: (-1) geppe-package.Rd:11-17: Only 3 columns allowed in this table (row 1 has 2)
checkRd: (-1) geppe-package.Rd:11-17: Only 3 columns allowed in this table (row 2 has 2)
checkRd: (-1) geppe-package.Rd:11-17: Only 3 columns allowed in this table (row 3 has 2)
checkRd: (-1) geppe-package.Rd:11-17: Only 3 columns allowed in this table (row 4 has 2)
checkRd: (-1) geppe-package.Rd:11-17: Only 3 columns allowed in this table (row 5 has 2)
Flavor: r-devel-linux-x86_64-debian-gcc
These binaries (installable software) and packages are in development.
They may not be fully stable and should be used with caution. We make no claims about them.