Last updated on 2024-05-04 01:48:44 CEST.
Flavor | Version | Tinstall | Tcheck | Ttotal | Status | Flags |
---|---|---|---|---|---|---|
r-devel-linux-x86_64-debian-clang | 2.0.5 | 122.55 | 233.84 | 356.39 | NOTE | |
r-devel-linux-x86_64-fedora-clang | 2.0.5 | 463.07 | NOTE | |||
r-devel-linux-x86_64-fedora-gcc | 2.0.5 | 476.48 | NOTE | |||
r-devel-windows-x86_64 | 2.0.5 | 77.00 | 224.00 | 301.00 | NOTE | |
r-patched-linux-x86_64 | 2.0.5 | 83.68 | 234.62 | 318.30 | NOTE | |
r-release-linux-x86_64 | 2.0.5 | 86.67 | 236.65 | 323.32 | NOTE | |
r-release-macos-arm64 | 2.0.5 | 114.00 | NOTE | |||
r-release-windows-x86_64 | 2.0.5 | 79.00 | 216.00 | 295.00 | NOTE | |
r-oldrel-macos-arm64 | 2.0.5 | 164.00 | NOTE | |||
r-oldrel-macos-x86_64 | 2.0.5 | 244.00 | NOTE | |||
r-oldrel-windows-x86_64 | 2.0.5 | 99.00 | 252.00 | 351.00 | NOTE |
Version: 2.0.5
Check: C++ specification
Result: NOTE
Specified C++11: please drop specification unless essential
Flavors: r-devel-linux-x86_64-debian-clang, r-devel-linux-x86_64-fedora-clang, r-devel-linux-x86_64-fedora-gcc, r-devel-windows-x86_64, r-patched-linux-x86_64, r-release-linux-x86_64, r-release-macos-arm64, r-release-windows-x86_64, r-oldrel-macos-arm64, r-oldrel-macos-x86_64, r-oldrel-windows-x86_64
Version: 2.0.5
Check: installed package size
Result: NOTE
installed size is 33.2Mb
sub-directories of 1Mb or more:
libs 32.7Mb
Flavors: r-release-macos-arm64, r-oldrel-macos-arm64, r-oldrel-macos-x86_64
These binaries (installable software) and packages are in development.
They may not be fully stable and should be used with caution. We make no claims about them.