Last updated on 2024-05-04 01:48:44 CEST.
Flavor | Version | Tinstall | Tcheck | Ttotal | Status | Flags |
---|---|---|---|---|---|---|
r-devel-linux-x86_64-debian-clang | 1.5.2 | 8.45 | 124.79 | 133.24 | OK | |
r-devel-linux-x86_64-fedora-clang | 1.5.2 | 179.60 | NOTE | |||
r-devel-linux-x86_64-fedora-gcc | 1.5.2 | 210.66 | OK | |||
r-devel-windows-x86_64 | 1.5.2 | 11.00 | 107.00 | 118.00 | NOTE | |
r-patched-linux-x86_64 | 1.5.2 | 10.40 | 122.66 | 133.06 | OK | |
r-release-linux-x86_64 | 1.5.2 | 8.94 | 122.54 | 131.48 | OK | |
r-release-macos-arm64 | 1.5.2 | 57.00 | NOTE | |||
r-release-macos-x86_64 | 1.5.2 | 133.00 | NOTE | |||
r-release-windows-x86_64 | 1.5.2 | 9.00 | 108.00 | 117.00 | NOTE | |
r-oldrel-macos-arm64 | 1.5.2 | 65.00 | NOTE | |||
r-oldrel-macos-x86_64 | 1.5.2 | 107.00 | NOTE | |||
r-oldrel-windows-x86_64 | 1.5.2 | 11.00 | 128.00 | 139.00 | NOTE |
Version: 1.5.2
Check: installed package size
Result: NOTE
installed size is 11.1Mb
sub-directories of 1Mb or more:
doc 9.5Mb
help 1.1Mb
Flavors: r-devel-linux-x86_64-fedora-clang, r-devel-windows-x86_64, r-release-macos-arm64, r-release-macos-x86_64, r-release-windows-x86_64, r-oldrel-macos-arm64, r-oldrel-macos-x86_64, r-oldrel-windows-x86_64
These binaries (installable software) and packages are in development.
They may not be fully stable and should be used with caution. We make no claims about them.