Last updated on 2024-05-04 01:48:44 CEST.
Flavor | Version | Tinstall | Tcheck | Ttotal | Status | Flags |
---|---|---|---|---|---|---|
r-devel-linux-x86_64-debian-clang | 0.8.1 | 205.14 | 190.27 | 395.41 | OK | |
r-devel-linux-x86_64-fedora-clang | 0.8.1 | 547.47 | NOTE | |||
r-devel-linux-x86_64-fedora-gcc | 0.8.1 | 527.60 | OK | |||
r-devel-windows-x86_64 | 0.8.1 | 151.00 | 158.00 | 309.00 | NOTE | |
r-patched-linux-x86_64 | 0.8.1 | 184.97 | 179.62 | 364.59 | OK | |
r-release-linux-x86_64 | 0.8.1 | 142.87 | 175.56 | 318.43 | OK | |
r-release-macos-arm64 | 0.8.1 | 110.00 | NOTE | |||
r-release-windows-x86_64 | 0.8.1 | 143.00 | 164.00 | 307.00 | NOTE | |
r-oldrel-macos-arm64 | 0.8.1 | 120.00 | NOTE | |||
r-oldrel-macos-x86_64 | 0.8.1 | 220.00 | NOTE | |||
r-oldrel-windows-x86_64 | 0.8.1 | 181.00 | 206.00 | 387.00 | NOTE |
Version: 0.8.1
Check: installed package size
Result: NOTE
installed size is 5.5Mb
sub-directories of 1Mb or more:
doc 3.0Mb
extdata 1.6Mb
Flavors: r-devel-linux-x86_64-fedora-clang, r-devel-windows-x86_64, r-release-macos-arm64, r-release-windows-x86_64, r-oldrel-macos-arm64, r-oldrel-macos-x86_64, r-oldrel-windows-x86_64
These binaries (installable software) and packages are in development.
They may not be fully stable and should be used with caution. We make no claims about them.