Last updated on 2024-07-03 21:51:36 CEST.
Flavor | Version | Tinstall | Tcheck | Ttotal | Status | Flags |
---|---|---|---|---|---|---|
r-devel-linux-x86_64-debian-clang | 1.0.0 | 11.12 | 309.37 | 320.49 | OK | |
r-devel-linux-x86_64-debian-gcc | 1.0.0 | 10.34 | 227.82 | 238.16 | OK | |
r-devel-linux-x86_64-fedora-clang | 1.0.0 | 405.83 | NOTE | |||
r-devel-linux-x86_64-fedora-gcc | 1.0.0 | 392.77 | OK | |||
r-release-linux-x86_64 | 1.0.0 | 8.19 | 291.83 | 300.02 | OK | |
r-release-macos-arm64 | 1.0.0 | 125.00 | OK | |||
r-release-macos-x86_64 | 1.0.0 | 310.00 | OK | |||
r-release-windows-x86_64 | 1.0.0 | 15.00 | 271.00 | 286.00 | OK | |
r-oldrel-macos-arm64 | 1.0.0 | 178.00 | OK | |||
r-oldrel-macos-x86_64 | 1.0.0 | 309.00 | OK | |||
r-oldrel-windows-x86_64 | 1.0.0 | 17.00 | 337.00 | 354.00 | OK |
Version: 1.0.0
Check: Rd cross-references
Result: NOTE
Undeclared package ‘ape’ in Rd xrefs
Flavor: r-devel-linux-x86_64-fedora-clang
These binaries (installable software) and packages are in development.
They may not be fully stable and should be used with caution. We make no claims about them.