Last updated on 2024-05-04 01:48:44 CEST.
Flavor | Version | Tinstall | Tcheck | Ttotal | Status | Flags |
---|---|---|---|---|---|---|
r-devel-linux-x86_64-debian-clang | 0.1.2 | 5.05 | 32.71 | 37.76 | NOTE | |
r-devel-linux-x86_64-fedora-clang | 0.1.2 | 47.98 | NOTE | |||
r-devel-linux-x86_64-fedora-gcc | 0.1.2 | 44.08 | NOTE | |||
r-devel-windows-x86_64 | 0.1.2 | 5.00 | 46.00 | 51.00 | NOTE | |
r-patched-linux-x86_64 | 0.1.2 | 8.02 | 31.11 | 39.13 | NOTE | |
r-release-linux-x86_64 | 0.1.2 | 4.16 | 30.63 | 34.79 | NOTE | |
r-release-macos-arm64 | 0.1.2 | 18.00 | NOTE | |||
r-release-windows-x86_64 | 0.1.2 | 6.00 | 45.00 | 51.00 | NOTE | |
r-oldrel-macos-arm64 | 0.1.2 | 20.00 | NOTE | |||
r-oldrel-macos-x86_64 | 0.1.2 | 26.00 | NOTE | |||
r-oldrel-windows-x86_64 | 0.1.2 | 7.00 | 46.00 | 53.00 | NOTE |
Version: 0.1.2
Check: LazyData
Result: NOTE
'LazyData' is specified without a 'data' directory
Flavors: r-devel-linux-x86_64-debian-clang, r-devel-linux-x86_64-fedora-clang, r-devel-linux-x86_64-fedora-gcc, r-devel-windows-x86_64, r-patched-linux-x86_64, r-release-linux-x86_64, r-release-macos-arm64, r-release-windows-x86_64, r-oldrel-macos-arm64, r-oldrel-macos-x86_64, r-oldrel-windows-x86_64
Version: 0.1.2
Check: dependencies in R code
Result: NOTE
Namespaces in Imports field not imported from:
‘dplyr’ ‘grid’ ‘scales’
All declared Imports should be used.
Flavors: r-devel-linux-x86_64-fedora-clang, r-devel-linux-x86_64-fedora-gcc
These binaries (installable software) and packages are in development.
They may not be fully stable and should be used with caution. We make no claims about them.