Last updated on 2024-05-04 01:48:44 CEST.
Flavor | Version | Tinstall | Tcheck | Ttotal | Status | Flags |
---|---|---|---|---|---|---|
r-devel-linux-x86_64-debian-clang | 1.0.0 | 11.58 | 274.24 | 285.82 | NOTE | |
r-devel-linux-x86_64-fedora-clang | 1.0.0 | 371.32 | NOTE | |||
r-devel-linux-x86_64-fedora-gcc | 1.0.0 | 339.58 | NOTE | |||
r-devel-windows-x86_64 | 1.0.0 | 11.00 | 175.00 | 186.00 | NOTE | |
r-patched-linux-x86_64 | 1.0.0 | 15.27 | 257.65 | 272.92 | NOTE | |
r-release-linux-x86_64 | 1.0.0 | 10.61 | 257.54 | 268.15 | NOTE | |
r-release-macos-arm64 | 1.0.0 | 84.00 | NOTE | |||
r-release-windows-x86_64 | 1.0.0 | 11.00 | 174.00 | 185.00 | NOTE | |
r-oldrel-macos-arm64 | 1.0.0 | 98.00 | NOTE | |||
r-oldrel-macos-x86_64 | 1.0.0 | 168.00 | NOTE | |||
r-oldrel-windows-x86_64 | 1.0.0 | 15.00 | 234.00 | 249.00 | NOTE |
Version: 1.0.0
Check: LazyData
Result: NOTE
'LazyData' is specified without a 'data' directory
Flavors: r-devel-linux-x86_64-debian-clang, r-devel-linux-x86_64-fedora-clang, r-devel-linux-x86_64-fedora-gcc, r-devel-windows-x86_64, r-patched-linux-x86_64, r-release-linux-x86_64, r-release-macos-arm64, r-release-windows-x86_64, r-oldrel-macos-arm64, r-oldrel-macos-x86_64, r-oldrel-windows-x86_64
Version: 1.0.0
Check: dependencies in R code
Result: NOTE
Namespace in Imports field not imported from: ‘survival’
All declared Imports should be used.
Flavors: r-devel-linux-x86_64-fedora-clang, r-devel-linux-x86_64-fedora-gcc
These binaries (installable software) and packages are in development.
They may not be fully stable and should be used with caution. We make no claims about them.