Last updated on 2024-05-04 01:48:44 CEST.
Flavor | Version | Tinstall | Tcheck | Ttotal | Status | Flags |
---|---|---|---|---|---|---|
r-devel-linux-x86_64-debian-clang | 3.5.1 | 37.19 | 589.27 | 626.46 | OK | |
r-devel-linux-x86_64-fedora-clang | 3.5.1 | 763.62 | NOTE | |||
r-devel-linux-x86_64-fedora-gcc | 3.5.1 | 797.46 | OK | |||
r-devel-windows-x86_64 | 3.5.1 | 35.00 | 436.00 | 471.00 | NOTE | |
r-patched-linux-x86_64 | 3.5.1 | 46.89 | 547.94 | 594.83 | OK | |
r-release-linux-x86_64 | 3.5.1 | 30.54 | 546.14 | 576.68 | OK | |
r-release-macos-arm64 | 3.5.1 | 200.00 | NOTE | |||
r-release-macos-x86_64 | 3.5.1 | 603.00 | NOTE | |||
r-release-windows-x86_64 | 3.5.1 | 33.00 | 456.00 | 489.00 | NOTE | |
r-oldrel-macos-arm64 | 3.5.1 | 186.00 | NOTE | |||
r-oldrel-macos-x86_64 | 3.5.1 | 503.00 | NOTE | |||
r-oldrel-windows-x86_64 | 3.5.1 | 45.00 | 585.00 | 630.00 | NOTE |
Version: 3.5.1
Check: installed package size
Result: NOTE
installed size is 6.0Mb
sub-directories of 1Mb or more:
R 1.5Mb
doc 2.3Mb
help 1.2Mb
Flavors: r-devel-linux-x86_64-fedora-clang, r-devel-windows-x86_64, r-release-macos-arm64, r-release-macos-x86_64, r-release-windows-x86_64, r-oldrel-macos-arm64, r-oldrel-macos-x86_64, r-oldrel-windows-x86_64
Version: 3.5.1
Check: Rd cross-references
Result: NOTE
Undeclared packages ‘interp’, ‘akima’ in Rd xrefs
Flavor: r-devel-linux-x86_64-fedora-clang
These binaries (installable software) and packages are in development.
They may not be fully stable and should be used with caution. We make no claims about them.