Last updated on 2024-05-04 01:48:44 CEST.
Flavor | Version | Tinstall | Tcheck | Ttotal | Status | Flags |
---|---|---|---|---|---|---|
r-devel-linux-x86_64-debian-clang | 0.1.0 | 4.94 | 51.06 | 56.00 | NOTE | |
r-devel-linux-x86_64-fedora-clang | 0.1.0 | 73.13 | NOTE | |||
r-devel-linux-x86_64-fedora-gcc | 0.1.0 | 69.47 | NOTE | |||
r-devel-windows-x86_64 | 0.1.0 | 8.00 | 62.00 | 70.00 | NOTE | |
r-patched-linux-x86_64 | 0.1.0 | 10.47 | 51.01 | 61.48 | NOTE | |
r-release-linux-x86_64 | 0.1.0 | 5.08 | 49.15 | 54.23 | NOTE | |
r-release-macos-arm64 | 0.1.0 | 27.00 | NOTE | |||
r-release-windows-x86_64 | 0.1.0 | 8.00 | 61.00 | 69.00 | NOTE | |
r-oldrel-macos-arm64 | 0.1.0 | 30.00 | NOTE | |||
r-oldrel-macos-x86_64 | 0.1.0 | 41.00 | NOTE | |||
r-oldrel-windows-x86_64 | 0.1.0 | 10.00 | 68.00 | 78.00 | NOTE |
Version: 0.1.0
Check: LazyData
Result: NOTE
'LazyData' is specified without a 'data' directory
Flavors: r-devel-linux-x86_64-debian-clang, r-devel-linux-x86_64-fedora-clang, r-devel-linux-x86_64-fedora-gcc, r-devel-windows-x86_64, r-patched-linux-x86_64, r-release-linux-x86_64, r-release-macos-arm64, r-release-windows-x86_64, r-oldrel-macos-arm64, r-oldrel-macos-x86_64, r-oldrel-windows-x86_64
These binaries (installable software) and packages are in development.
They may not be fully stable and should be used with caution. We make no claims about them.