Last updated on 2024-05-04 01:48:44 CEST.
Flavor | Version | Tinstall | Tcheck | Ttotal | Status | Flags |
---|---|---|---|---|---|---|
r-devel-linux-x86_64-debian-clang | 0.0.7 | 9.06 | 59.59 | 68.65 | NOTE | |
r-devel-linux-x86_64-fedora-clang | 0.0.7 | 87.94 | NOTE | |||
r-devel-linux-x86_64-fedora-gcc | 0.0.7 | 88.34 | NOTE | |||
r-devel-windows-x86_64 | 0.0.7 | 9.00 | 65.00 | 74.00 | NOTE | |
r-patched-linux-x86_64 | 0.0.7 | 7.25 | 55.01 | 62.26 | NOTE | |
r-release-linux-x86_64 | 0.0.7 | 10.29 | 54.71 | 65.00 | NOTE | |
r-release-macos-arm64 | 0.0.7 | 28.00 | NOTE | |||
r-release-windows-x86_64 | 0.0.7 | 9.00 | 63.00 | 72.00 | NOTE | |
r-oldrel-macos-arm64 | 0.0.7 | 28.00 | NOTE | |||
r-oldrel-macos-x86_64 | 0.0.7 | 44.00 | NOTE | |||
r-oldrel-windows-x86_64 | 0.0.7 | 12.00 | 70.00 | 82.00 | NOTE |
Version: 0.0.7
Check: LazyData
Result: NOTE
'LazyData' is specified without a 'data' directory
Flavors: r-devel-linux-x86_64-debian-clang, r-devel-linux-x86_64-fedora-clang, r-devel-linux-x86_64-fedora-gcc, r-devel-windows-x86_64, r-patched-linux-x86_64, r-release-linux-x86_64, r-release-macos-arm64, r-release-windows-x86_64, r-oldrel-macos-arm64, r-oldrel-macos-x86_64, r-oldrel-windows-x86_64
Version: 0.0.7
Check: dependencies in R code
Result: NOTE
Namespaces in Imports field not imported from:
‘dplyr’ ‘grDevices’
All declared Imports should be used.
Flavors: r-devel-linux-x86_64-fedora-clang, r-devel-linux-x86_64-fedora-gcc
These binaries (installable software) and packages are in development.
They may not be fully stable and should be used with caution. We make no claims about them.