Last updated on 2024-05-04 01:48:44 CEST.
Flavor | Version | Tinstall | Tcheck | Ttotal | Status | Flags |
---|---|---|---|---|---|---|
r-devel-linux-x86_64-debian-clang | 1.12.0-2 | 216.19 | 21.87 | 238.06 | OK | |
r-devel-linux-x86_64-fedora-clang | 1.12.0-2 | 331.12 | OK | |||
r-devel-linux-x86_64-fedora-gcc | 1.12.0-2 | 336.13 | OK | |||
r-devel-windows-x86_64 | 1.12.0-2 | 92.00 | 62.00 | 154.00 | OK | |
r-patched-linux-x86_64 | 1.12.0-2 | 210.29 | 20.44 | 230.73 | OK | |
r-release-linux-x86_64 | 1.12.0-2 | 210.09 | 20.98 | 231.07 | OK | |
r-release-macos-arm64 | 1.12.0-2 | 64.00 | NOTE | |||
r-release-windows-x86_64 | 1.12.0-2 | 90.00 | 67.00 | 157.00 | OK | |
r-oldrel-macos-arm64 | 1.12.0-2 | 65.00 | NOTE | |||
r-oldrel-macos-x86_64 | 1.12.0-2 | 81.00 | NOTE | |||
r-oldrel-windows-x86_64 | 1.12.0-2 | 104.00 | 76.00 | 180.00 | OK |
Version: 1.12.0-2
Check: installed package size
Result: NOTE
installed size is 8.8Mb
sub-directories of 1Mb or more:
libs 8.7Mb
Flavors: r-release-macos-arm64, r-oldrel-macos-arm64, r-oldrel-macos-x86_64
These binaries (installable software) and packages are in development.
They may not be fully stable and should be used with caution. We make no claims about them.