Last updated on 2024-05-04 01:48:44 CEST.
Flavor | Version | Tinstall | Tcheck | Ttotal | Status | Flags |
---|---|---|---|---|---|---|
r-devel-linux-x86_64-debian-clang | 3.0.1 | 106.46 | 36.76 | 143.22 | NOTE | |
r-devel-linux-x86_64-fedora-clang | 3.0.1 | 184.89 | NOTE | |||
r-devel-linux-x86_64-fedora-gcc | 3.0.1 | 423.46 | NOTE | |||
r-devel-windows-x86_64 | 3.0.1 | 373.00 | 71.00 | 444.00 | NOTE | |
r-patched-linux-x86_64 | 3.0.1 | 260.12 | 35.88 | 296.00 | NOTE | |
r-release-linux-x86_64 | 3.0.1 | 253.69 | 36.09 | 289.78 | NOTE | |
r-release-macos-arm64 | 3.0.1 | 52.00 | NOTE | |||
r-release-windows-x86_64 | 3.0.1 | 307.00 | 69.00 | 376.00 | NOTE | |
r-oldrel-macos-arm64 | 3.0.1 | 62.00 | NOTE | |||
r-oldrel-macos-x86_64 | 3.0.1 | 123.00 | NOTE | |||
r-oldrel-windows-x86_64 | 3.0.1 | 339.00 | 79.00 | 418.00 | NOTE |
Version: 3.0.1
Check: C++ specification
Result: NOTE
Specified C++11: please drop specification unless essential
Flavors: r-devel-linux-x86_64-debian-clang, r-devel-linux-x86_64-fedora-clang, r-devel-linux-x86_64-fedora-gcc, r-devel-windows-x86_64, r-patched-linux-x86_64, r-release-linux-x86_64, r-release-macos-arm64, r-release-windows-x86_64, r-oldrel-macos-arm64, r-oldrel-macos-x86_64, r-oldrel-windows-x86_64
Version: 3.0.1
Check: installed package size
Result: NOTE
installed size is 9.9Mb
sub-directories of 1Mb or more:
libs 9.8Mb
Flavors: r-release-macos-arm64, r-oldrel-macos-arm64, r-oldrel-macos-x86_64
These binaries (installable software) and packages are in development.
They may not be fully stable and should be used with caution. We make no claims about them.