Last updated on 2024-05-04 01:48:44 CEST.
Flavor | Version | Tinstall | Tcheck | Ttotal | Status | Flags |
---|---|---|---|---|---|---|
r-devel-linux-x86_64-debian-clang | 0.3.4 | 340.23 | 212.20 | 552.43 | OK | |
r-devel-linux-x86_64-fedora-clang | 0.3.4 | 734.31 | OK | |||
r-devel-linux-x86_64-fedora-gcc | 0.3.4 | 1034.77 | OK | |||
r-devel-windows-x86_64 | 0.3.4 | 344.00 | 183.00 | 527.00 | OK | |
r-patched-linux-x86_64 | 0.3.4 | 0.26 | 2.20 | 2.46 | ERROR | |
r-release-linux-x86_64 | 0.3.4 | 0.29 | 2.09 | 2.38 | ERROR | |
r-release-macos-arm64 | 0.3.4 | 140.00 | NOTE | |||
r-release-macos-x86_64 | 0.3.4 | 322.00 | NOTE | |||
r-release-windows-x86_64 | 0.3.4 | 327.00 | 184.00 | 511.00 | OK | |
r-oldrel-macos-arm64 | 0.3.4 | 143.00 | NOTE | |||
r-oldrel-macos-x86_64 | 0.3.4 | 293.00 | NOTE | |||
r-oldrel-windows-x86_64 | 0.3.4 | 551.00 | 237.00 | 788.00 | OK |
Version: 0.3.4
Check: package dependencies
Result: ERROR
Package required but not available: ‘glmmrBase’
See section ‘The DESCRIPTION file’ in the ‘Writing R Extensions’
manual.
Flavors: r-patched-linux-x86_64, r-release-linux-x86_64
Version: 0.3.4
Check: installed package size
Result: NOTE
installed size is 48.3Mb
sub-directories of 1Mb or more:
libs 48.1Mb
Flavors: r-release-macos-arm64, r-release-macos-x86_64, r-oldrel-macos-arm64, r-oldrel-macos-x86_64
These binaries (installable software) and packages are in development.
They may not be fully stable and should be used with caution. We make no claims about them.