Last updated on 2024-05-04 01:48:44 CEST.
Flavor | Version | Tinstall | Tcheck | Ttotal | Status | Flags |
---|---|---|---|---|---|---|
r-devel-linux-x86_64-debian-clang | 2.19.1 | 3.74 | 34.80 | 38.54 | OK | |
r-devel-linux-x86_64-fedora-clang | 2.19.1 | 48.70 | NOTE | |||
r-devel-linux-x86_64-fedora-gcc | 2.19.1 | 48.60 | OK | |||
r-devel-windows-x86_64 | 2.19.1 | 4.00 | 49.00 | 53.00 | OK | |
r-patched-linux-x86_64 | 2.19.1 | 3.63 | 34.06 | 37.69 | OK | |
r-release-linux-x86_64 | 2.19.1 | 2.58 | 33.19 | 35.77 | OK | |
r-release-macos-arm64 | 2.19.1 | 18.00 | OK | |||
r-release-macos-x86_64 | 2.19.1 | 45.00 | OK | |||
r-release-windows-x86_64 | 2.19.1 | 4.00 | 50.00 | 54.00 | OK | |
r-oldrel-macos-arm64 | 2.19.1 | 37.00 | OK | |||
r-oldrel-macos-x86_64 | 2.19.1 | 44.00 | OK | |||
r-oldrel-windows-x86_64 | 2.19.1 | 5.00 | 52.00 | 57.00 | OK |
Version: 2.19.1
Check: Rd cross-references
Result: NOTE
Undeclared package ‘rms’ in Rd xrefs
Flavor: r-devel-linux-x86_64-fedora-clang
These binaries (installable software) and packages are in development.
They may not be fully stable and should be used with caution. We make no claims about them.