Last updated on 2024-05-04 01:48:44 CEST.
Flavor | Version | Tinstall | Tcheck | Ttotal | Status | Flags |
---|---|---|---|---|---|---|
r-devel-linux-x86_64-debian-clang | 0.4.0 | 96.19 | 137.06 | 233.25 | OK | |
r-devel-linux-x86_64-fedora-clang | 0.4.0 | 312.21 | OK | |||
r-devel-linux-x86_64-fedora-gcc | 0.4.0 | 321.28 | OK | |||
r-devel-windows-x86_64 | 0.4.0 | 76.00 | 136.00 | 212.00 | OK | |
r-patched-linux-x86_64 | 0.4.0 | 70.04 | 126.85 | 196.89 | OK | |
r-release-linux-x86_64 | 0.4.0 | 85.64 | 127.98 | 213.62 | OK | |
r-release-macos-arm64 | 0.4.0 | 72.00 | NOTE | |||
r-release-windows-x86_64 | 0.4.0 | 76.00 | 137.00 | 213.00 | OK | |
r-oldrel-macos-arm64 | 0.4.0 | 77.00 | NOTE | |||
r-oldrel-macos-x86_64 | 0.4.0 | 144.00 | NOTE | |||
r-oldrel-windows-x86_64 | 0.4.0 | 94.00 | 172.00 | 266.00 | OK |
Version: 0.4.0
Check: installed package size
Result: NOTE
installed size is 7.3Mb
sub-directories of 1Mb or more:
libs 6.8Mb
Flavors: r-release-macos-arm64, r-oldrel-macos-arm64, r-oldrel-macos-x86_64
These binaries (installable software) and packages are in development.
They may not be fully stable and should be used with caution. We make no claims about them.