Last updated on 2025-10-23 17:50:49 CEST.
Flavor | Version | Tinstall | Tcheck | Ttotal | Status | Flags |
---|---|---|---|---|---|---|
r-devel-linux-x86_64-debian-clang | 0.7-10 | 2.16 | 29.59 | 31.75 | NOTE | |
r-devel-linux-x86_64-debian-gcc | 0.7-10 | 2.03 | 23.04 | 25.07 | NOTE | |
r-devel-linux-x86_64-fedora-clang | 0.7-10 | 48.97 | OK | |||
r-devel-linux-x86_64-fedora-gcc | 0.7-10 | 59.69 | OK | |||
r-devel-windows-x86_64 | 0.7-10 | 4.00 | 46.00 | 50.00 | OK | |
r-patched-linux-x86_64 | 0.7-10 | 2.42 | 27.99 | 30.41 | OK | |
r-release-linux-x86_64 | 0.7-10 | 2.29 | 28.07 | 30.36 | OK | |
r-release-macos-arm64 | 0.7-10 | 1.00 | 24.00 | 25.00 | OK | |
r-release-macos-x86_64 | 0.7-10 | 2.00 | 41.00 | 43.00 | OK | |
r-release-windows-x86_64 | 0.7-10 | 3.00 | 49.00 | 52.00 | OK | |
r-oldrel-macos-arm64 | 0.7-10 | 1.00 | 22.00 | 23.00 | OK | |
r-oldrel-macos-x86_64 | 0.7-10 | 2.00 | 33.00 | 35.00 | OK | |
r-oldrel-windows-x86_64 | 0.7-10 | 6.00 | 57.00 | 63.00 | OK |
Version: 0.7-10
Check: CRAN incoming feasibility
Result: NOTE
Maintainer: ‘Karoly Antal <antalk2@gmail.com>’
No Authors@R field in DESCRIPTION.
Please add one, modifying
Authors@R: c(person(given = "Karoly",
family = "Antal.",
role = "aut",
email = "antalk2@gmail.com"),
person(given = "Karoly",
family = "Antal",
role = "cre",
email = "antalk2@gmail.com"))
as necessary.
Flavors: r-devel-linux-x86_64-debian-clang, r-devel-linux-x86_64-debian-gcc
These binaries (installable software) and packages are in development.
They may not be fully stable and should be used with caution. We make no claims about them.