Last updated on 2024-05-04 01:48:44 CEST.
Flavor | Version | Tinstall | Tcheck | Ttotal | Status | Flags |
---|---|---|---|---|---|---|
r-devel-linux-x86_64-debian-clang | 0.3.0 | 6.12 | 65.93 | 72.05 | NOTE | |
r-devel-linux-x86_64-fedora-clang | 0.3.0 | 95.24 | NOTE | |||
r-devel-linux-x86_64-fedora-gcc | 0.3.0 | 102.65 | NOTE | |||
r-devel-windows-x86_64 | 0.3.0 | 7.00 | 80.00 | 87.00 | NOTE | |
r-patched-linux-x86_64 | 0.3.0 | 10.52 | 62.67 | 73.19 | NOTE | |
r-release-linux-x86_64 | 0.3.0 | 5.53 | 60.91 | 66.44 | NOTE | |
r-release-macos-arm64 | 0.3.0 | 57.00 | NOTE | |||
r-release-windows-x86_64 | 0.3.0 | 8.00 | 77.00 | 85.00 | NOTE | |
r-oldrel-macos-arm64 | 0.3.0 | 58.00 | NOTE | |||
r-oldrel-macos-x86_64 | 0.3.0 | 64.00 | NOTE | |||
r-oldrel-windows-x86_64 | 0.3.0 | 8.00 | 82.00 | 90.00 | NOTE |
Version: 0.3.0
Check: Rd files
Result: NOTE
checkRd: (-1) gl_nlp.Rd:31: Lost braces in \itemize; \value handles \item{}{} directly
checkRd: (-1) gl_nlp.Rd:32: Lost braces in \itemize; \value handles \item{}{} directly
checkRd: (-1) gl_nlp.Rd:33: Lost braces in \itemize; \value handles \item{}{} directly
checkRd: (-1) gl_nlp.Rd:34: Lost braces in \itemize; \value handles \item{}{} directly
checkRd: (-1) gl_nlp.Rd:35: Lost braces in \itemize; \value handles \item{}{} directly
checkRd: (-1) gl_nlp.Rd:36: Lost braces in \itemize; \value handles \item{}{} directly
checkRd: (-1) gl_nlp.Rd:37: Lost braces in \itemize; \value handles \item{}{} directly
Flavors: r-devel-linux-x86_64-debian-clang, r-devel-linux-x86_64-fedora-clang, r-devel-linux-x86_64-fedora-gcc, r-devel-windows-x86_64, r-patched-linux-x86_64, r-release-linux-x86_64, r-release-macos-arm64, r-release-windows-x86_64
Version: 0.3.0
Check: LazyData
Result: NOTE
'LazyData' is specified without a 'data' directory
Flavors: r-devel-linux-x86_64-debian-clang, r-devel-linux-x86_64-fedora-clang, r-devel-linux-x86_64-fedora-gcc, r-devel-windows-x86_64, r-patched-linux-x86_64, r-release-linux-x86_64, r-release-macos-arm64, r-release-windows-x86_64, r-oldrel-macos-arm64, r-oldrel-macos-x86_64, r-oldrel-windows-x86_64
These binaries (installable software) and packages are in development.
They may not be fully stable and should be used with caution. We make no claims about them.