Last updated on 2025-07-07 09:50:19 CEST.
Flavor | Version | Tinstall | Tcheck | Ttotal | Status | Flags |
---|---|---|---|---|---|---|
r-devel-linux-x86_64-debian-clang | 0.1.7 | 37.74 | 303.10 | 340.84 | NOTE | |
r-devel-linux-x86_64-debian-gcc | 0.1.7 | 23.98 | 200.30 | 224.28 | NOTE | |
r-devel-linux-x86_64-fedora-clang | 0.1.7 | 524.49 | NOTE | |||
r-devel-linux-x86_64-fedora-gcc | 0.1.7 | 476.30 | NOTE | |||
r-devel-windows-x86_64 | 0.1.7 | 33.00 | 233.00 | 266.00 | NOTE | |
r-patched-linux-x86_64 | 0.1.7 | 33.90 | 281.71 | 315.61 | NOTE | |
r-release-linux-x86_64 | 0.1.7 | 33.29 | 283.06 | 316.35 | NOTE | |
r-release-macos-arm64 | 0.1.7 | 121.00 | NOTE | |||
r-release-macos-x86_64 | 0.1.7 | 264.00 | OK | |||
r-release-windows-x86_64 | 0.1.7 | 33.00 | 225.00 | 258.00 | NOTE | |
r-oldrel-macos-arm64 | 0.1.7 | 106.00 | OK | |||
r-oldrel-macos-x86_64 | 0.1.7 | 279.00 | OK | |||
r-oldrel-windows-x86_64 | 0.1.7 | 49.00 | 310.00 | 359.00 | OK |
Version: 0.1.7
Check: DESCRIPTION meta-information
Result: NOTE
Missing dependency on R >= 4.1.0 because package code uses the pipe
|> or function shorthand \(...) syntax added in R 4.1.0.
File(s) using such syntax:
‘gt_make_grid.Rd’
Flavors: r-devel-linux-x86_64-debian-clang, r-devel-linux-x86_64-debian-gcc, r-devel-linux-x86_64-fedora-clang, r-devel-linux-x86_64-fedora-gcc, r-devel-windows-x86_64, r-patched-linux-x86_64, r-release-linux-x86_64, r-release-macos-arm64, r-release-windows-x86_64
These binaries (installable software) and packages are in development.
They may not be fully stable and should be used with caution. We make no claims about them.