Last updated on 2024-05-04 01:48:44 CEST.
Flavor | Version | Tinstall | Tcheck | Ttotal | Status | Flags |
---|---|---|---|---|---|---|
r-devel-linux-x86_64-debian-clang | 1.0.1 | 26.36 | 80.94 | 107.30 | NOTE | |
r-devel-linux-x86_64-fedora-clang | 1.0.1 | 133.29 | NOTE | |||
r-devel-linux-x86_64-fedora-gcc | 1.0.1 | 119.55 | NOTE | |||
r-devel-windows-x86_64 | 1.0.1 | 28.00 | 80.00 | 108.00 | NOTE | |
r-patched-linux-x86_64 | 1.0.1 | 19.82 | 75.89 | 95.71 | NOTE | |
r-release-linux-x86_64 | 1.0.1 | 20.42 | 74.21 | 94.63 | NOTE | |
r-release-macos-arm64 | 1.0.1 | 38.00 | NOTE | |||
r-release-windows-x86_64 | 1.0.1 | 26.00 | 78.00 | 104.00 | NOTE | |
r-oldrel-macos-arm64 | 1.0.1 | 42.00 | OK | |||
r-oldrel-macos-x86_64 | 1.0.1 | 67.00 | OK | |||
r-oldrel-windows-x86_64 | 1.0.1 | 32.00 | 109.00 | 141.00 | OK |
Version: 1.0.1
Check: Rd files
Result: NOTE
checkRd: (-1) covFun.Rd:89-90: Lost braces in \itemize; meant \describe ?
checkRd: (-1) covFun.Rd:91-92: Lost braces in \itemize; meant \describe ?
checkRd: (-1) covFun.Rd:93-95: Lost braces in \itemize; meant \describe ?
checkRd: (-1) covFun.Rd:96-97: Lost braces in \itemize; meant \describe ?
checkRd: (-1) covFun.Rd:98-99: Lost braces in \itemize; meant \describe ?
checkRd: (-1) covFun.Rd:100-103: Lost braces in \itemize; meant \describe ?
checkRd: (-1) covFun.Rd:104-106: Lost braces in \itemize; meant \describe ?
checkRd: (-1) covFun.Rd:107-109: Lost braces in \itemize; meant \describe ?
checkRd: (-1) covFun.Rd:110-111: Lost braces in \itemize; meant \describe ?
checkRd: (-1) covFun.Rd:112-113: Lost braces in \itemize; meant \describe ?
checkRd: (-1) covFun.Rd:114-115: Lost braces in \itemize; meant \describe ?
checkRd: (-1) covFun.Rd:116-117: Lost braces in \itemize; meant \describe ?
Flavors: r-devel-linux-x86_64-debian-clang, r-devel-linux-x86_64-fedora-clang, r-devel-linux-x86_64-fedora-gcc, r-devel-windows-x86_64, r-patched-linux-x86_64, r-release-linux-x86_64, r-release-macos-arm64, r-release-windows-x86_64
These binaries (installable software) and packages are in development.
They may not be fully stable and should be used with caution. We make no claims about them.