Last updated on 2024-05-04 01:48:45 CEST.
Flavor | Version | Tinstall | Tcheck | Ttotal | Status | Flags |
---|---|---|---|---|---|---|
r-devel-linux-x86_64-debian-clang | 0.8.4 | 8.52 | 90.88 | 99.40 | NOTE | |
r-devel-linux-x86_64-fedora-clang | 0.8.4 | 126.71 | NOTE | |||
r-devel-linux-x86_64-fedora-gcc | 0.8.4 | 129.65 | NOTE | |||
r-devel-windows-x86_64 | 0.8.4 | 10.00 | 113.00 | 123.00 | NOTE | |
r-patched-linux-x86_64 | 0.8.4 | 9.58 | 84.22 | 93.80 | NOTE | |
r-release-linux-x86_64 | 0.8.4 | 7.17 | 83.84 | 91.01 | NOTE | |
r-release-macos-arm64 | 0.8.4 | 48.00 | NOTE | |||
r-release-windows-x86_64 | 0.8.4 | 9.00 | 113.00 | 122.00 | NOTE | |
r-oldrel-macos-arm64 | 0.8.4 | 49.00 | OK | |||
r-oldrel-macos-x86_64 | 0.8.4 | 88.00 | OK | |||
r-oldrel-windows-x86_64 | 0.8.4 | 11.00 | 128.00 | 139.00 | OK |
Version: 0.8.4
Check: Rd files
Result: NOTE
checkRd: (-1) predict.Rd:30: Lost braces
30 | resp. code{'exponential'} or \code{'no_lag'} for \code{fit_easylinear}.}
| ^
Flavors: r-devel-linux-x86_64-debian-clang, r-devel-linux-x86_64-fedora-clang, r-devel-linux-x86_64-fedora-gcc, r-devel-windows-x86_64, r-patched-linux-x86_64, r-release-linux-x86_64, r-release-macos-arm64, r-release-windows-x86_64
These binaries (installable software) and packages are in development.
They may not be fully stable and should be used with caution. We make no claims about them.