Last updated on 2024-05-04 01:48:45 CEST.
Flavor | Version | Tinstall | Tcheck | Ttotal | Status | Flags |
---|---|---|---|---|---|---|
r-devel-linux-x86_64-debian-clang | 0.3 | 27.33 | 66.69 | 94.02 | OK | |
r-devel-linux-x86_64-fedora-clang | 0.3 | 116.86 | NOTE | |||
r-devel-linux-x86_64-fedora-gcc | 0.3 | 118.23 | OK | |||
r-devel-windows-x86_64 | 0.3 | 25.00 | 70.00 | 95.00 | OK | |
r-patched-linux-x86_64 | 0.3 | 29.01 | 63.39 | 92.40 | OK | |
r-release-linux-x86_64 | 0.3 | 29.32 | 63.84 | 93.16 | OK | |
r-release-macos-arm64 | 0.3 | 41.00 | OK | |||
r-release-macos-x86_64 | 0.3 | 81.00 | OK | |||
r-release-windows-x86_64 | 0.3 | 24.00 | 69.00 | 93.00 | OK | |
r-oldrel-macos-arm64 | 0.3 | 48.00 | OK | |||
r-oldrel-macos-x86_64 | 0.3 | 80.00 | OK | |||
r-oldrel-windows-x86_64 | 0.3 | 30.00 | 79.00 | 109.00 | OK |
Version: 0.3
Check: installed package size
Result: NOTE
installed size is 10.3Mb
sub-directories of 1Mb or more:
libs 10.0Mb
Flavor: r-devel-linux-x86_64-fedora-clang
These binaries (installable software) and packages are in development.
They may not be fully stable and should be used with caution. We make no claims about them.